{"id":1891,"date":"2022-12-05T22:55:56","date_gmt":"2022-12-05T22:55:56","guid":{"rendered":"https:\/\/athenaeum.unipv.it\/?page_id=1891"},"modified":"2023-06-14T20:21:19","modified_gmt":"2023-06-14T20:21:19","slug":"elenco-dei-referee-2018-2020-2","status":"publish","type":"page","link":"https:\/\/athenaeum.unipv.it\/index.php\/elenco-dei-referee-2018-2020-2\/","title":{"rendered":"Elenco dei referee (2020-2022)"},"content":{"rendered":"<div id=\"pl-1891\"  class=\"panel-layout\" ><div id=\"pg-1891-0\"  class=\"panel-grid panel-no-style\" ><div id=\"pgc-1891-0-0\"  class=\"panel-grid-cell\" ><div id=\"panel-1891-0-0-0\" class=\"so-panel widget widget_sow-editor panel-first-child panel-last-child\" data-index=\"0\" ><div\n\t\t\t\n\t\t\tclass=\"so-widget-sow-editor so-widget-sow-editor-base\"\n\t\t\t\n\t\t>\n<div class=\"siteorigin-widget-tinymce textwidget\">\n\t<div id=\"outerContainer\">\n<div id=\"sidebarContainer\">\n<div id=\"toolbarSidebar\">\n<h3 class=\"thumbnail selected\" style=\"text-align: center;\" data-page-number=\"1\"><strong>Elenco dei revisori <\/strong><\/h3>\n<h3 class=\"thumbnail selected\" style=\"text-align: center;\" data-page-number=\"1\"><strong>che hanno valutato gli articoli proposti ad \u00abAthenaeum\u00bb <\/strong><\/h3>\n<h3 class=\"thumbnail selected\" style=\"text-align: center;\" data-page-number=\"1\"><strong>nel periodo 2020-2022<\/strong><\/h3>\n<p>&nbsp;<\/p>\n<\/div>\n<h3 style=\"text-align: center;\"><strong>List of the reviewers<\/strong><\/h3>\n<h3 style=\"text-align: center;\"><strong>of essays submitted to \u00abAthenaeum\u00bb<\/strong><\/h3>\n<h3 style=\"text-align: center;\"><strong>in 2020-2022<\/strong><\/h3>\n<div id=\"toolbarSidebar\">\n<div data-page-number=\"1\"><\/div>\n<div class=\"thumbnail selected\" data-page-number=\"1\">\n<p>&nbsp;<\/p>\n<p><em>Nel biennio compreso tra il maggio 2020 e l'aprile 2022 sono stati sottoposti alla rivista <strong>83<\/strong> articoli.<\/em><\/p>\n<p><em>Sono stati approvati per la stampa <strong>39<\/strong> articoli (pari al <strong>47<\/strong>% del totale).<\/em><\/p>\n<p><em>Sono stati respinti o ritirati <strong>43<\/strong> articoli (pari al <strong>51,8%<\/strong> del totale).<\/em><\/p>\n<p><em>Per <strong>1<\/strong> articolo \u00e8 ancora in corso la procedura di valutazione.<\/em><\/p>\n<p>&nbsp;<\/p>\n<\/div>\n<p><em>In the two years from May 2020 to April 2022, <strong>83<\/strong> items were submitted to the journal.<\/em><\/p>\n<p><em><strong>39<\/strong> items (<strong>47%<\/strong> of the total) were approved.<\/em><\/p>\n<p><em><strong>43<\/strong> items were rejected or withdrawn (<strong>51.8%<\/strong> of the total).<\/em><\/p>\n<p><em>The peer-review process is still ongoing for <strong>1<\/strong> item.<\/em><\/p>\n<p>&nbsp;<\/p>\n<p>Carmen Alfaro Giner, Universidad de Valencia, Spagna<\/p>\n<p>Valeria And\u00f2, Universit\u00e0 di Palermo<\/p>\n<p>Giuseppina Anselmo Aric\u00f2, Universit\u00e0 di Palermo<\/p>\n<p>Sergio Audano, Centro di Studi sulla Fortuna dell'Antico \u00abEmanuele Narducci\u00bb, Sestri Levante<\/p>\n<p>Gino Bandelli, Universit\u00e0 di Trieste<\/p>\n<p>Paolo Barresi, Universit\u00e0 di Enna \u00abKore\u00bb<\/p>\n<p>Federico Battaglia, Universit\u00e0 di Milano Bicocca<\/p>\n<p>Maria-Carme Belarte Franco, Instituci\u00f3 Catalana de Recerca i Estudis Avan\u00e7ats (ICREA), Barcelona \/ Institut Catal\u00e0 d'Arqueologia Cl\u00e0ssica (ICAC), Tarragona, Spagna<\/p>\n<p>Dar\u00edo Bernal-Casasola, Universidad de C\u00e1diz, Spagna<\/p>\n<p>Yann Berthelet, Universit\u00e9 de Li\u00e8ge, Belgio<\/p>\n<p>Ennio Biondi, Universit\u00e0 di Pavia<\/p>\n<p>Edward Bispham, University of Oxford, Regno Unito<\/p>\n<p>Corinne Bonnet, Universit\u00e9 de Toulouse - Jean Jaur\u00e8s, Francia<\/p>\n<p>Hugh Bowden, King's College London, Regno Unito<\/p>\n<p>Frits Brandsma, Rijksuniversiteit Groningen, Paesi Bassi<\/p>\n<p>Laurent Brassous, La Rochelle Universit\u00e9, Francia<\/p>\n<p>Antonella Bruzzone, Universit\u00e0 di Sassari<\/p>\n<p>Pierangelo Buongiorno, Universit\u00e0 di Macerata<\/p>\n<p>Marco Buonocore, Pontificia Accademia Romana di Archeologia, Roma<\/p>\n<p>Gabriele Burzacchini, Universit\u00e0 di Parma<\/p>\n<p>Douglas L. Cairns, University of Edinburgh, Regno Unito<\/p>\n<p>Maria Letizia Caldelli, Sapienza Universit\u00e0 di Roma<\/p>\n<p>Mirko Canevaro, University of Edinburgh, Regno Unito<\/p>\n<p>Alberto Canobbio, Universit\u00e0 di Pavia<\/p>\n<p>Livia Capponi, Universit\u00e0 di Pavia<\/p>\n<p>Andrea Capra, Durham University, Regno Unito<\/p>\n<p>Jos\u00e9 Carracedo Fraga, Universidade de Santiago de Compostela, Spagna<\/p>\n<p>Enrico Caruso, Direttore del Parco archeologico regionale di Lilibeo-Marsala<\/p>\n<p>Cosimo Cascione, Universit\u00e0 di Napoli Federico II<\/p>\n<p>Albio Cesare Cassio, Sapienza Universit\u00e0 di Roma<\/p>\n<p>Alberto Cavarzere, Universit\u00e0 di Verona<\/p>\n<p>Fabrizio Conca, Universit\u00e0 degli Studi di Milano<\/p>\n<p>Federico Condello, Alma Mater Studiorum - Universit\u00e0 di Bologna<\/p>\n<p>Alison Cooley, University of Warwick, Regno Unito<\/p>\n<p>Alessandra Coppola, Universit\u00e0 di Padova<\/p>\n<p>Francesc Josep Cuartero Iborra, Universitat Aut\u00f2noma de Barcelona, Spagna<\/p>\n<p>Paolo Cugusi, Universit\u00e0 di Cagliari<\/p>\n<p>Paola Davoli, Universit\u00e0 del Salento, Lecce<\/p>\n<p>Franco De Angelis, University of British Columbia, Vancouver, Canada<\/p>\n<p>Camille Denizot, Universit\u00e9 Paris Nanterre, Francia<\/p>\n<p>Dino De Sanctis, Universit\u00e0 della Tuscia, Viterbo<\/p>\n<p>Claudio De Stefani, Universit\u00e0 di Trieste<\/p>\n<p>Pieter d'Hoine, KU Leuven, Belgio<\/p>\n<p>Eleanor Dickey, University of Reading, Regno Unito<\/p>\n<p>Rosalba Dimundo, Universit\u00e0 di Bari \u00abAldo Moro\u00bb<\/p>\n<p>Elizabeth Donnelly Carney, Clemson University, South Carolina, USA<\/p>\n<p>Janet Downie, University of North Carolina, Chapel Hill, USA<\/p>\n<p>Fernando Echeverr\u00eda, Universidad Complutense de Madrid, Spagna<\/p>\n<p>Lowell Edmunds, Rutgers University, New Jersey, USA<\/p>\n<p>Davide Ambrogio Faoro, Universit\u00e0 di Firenze<\/p>\n<p>Marco Fernandelli, Universit\u00e0 di Trieste<\/p>\n<p>Franco Ferrari, Universit\u00e0 di Pavia<\/p>\n<p>\u2020 Jean-Louis Ferrary, Institut de France, Francia<\/p>\n<p>Rolando Ferri, Universit\u00e0 di Pisa<\/p>\n<p>Cristiana Franco, Universit\u00e0 per Stranieri di Siena<\/p>\n<p>Marco Fressura, Universit\u00e0 Roma Tre<\/p>\n<p>Marie Laure Freyburger, Universit\u00e9 de Haute-Alsace, Mulhouse, Francia<\/p>\n<p>Elisabetta Maria Gagetti, Universit\u00e0 degli Studi di Milano<\/p>\n<p>Renaud Gagn\u00e9, University of Cambridge, Regno Unito<\/p>\n<p>Claudio Gallazzi, Universit\u00e0 degli Studi di Milano<\/p>\n<p>Leopoldo Gamberale, Sapienza Universit\u00e0 di Roma<\/p>\n<p>Diana Gorostidi Pi, Institut Catal\u00e0 d'Arqueologia Cl\u00e0ssica (ICAC), Tarragona (Spagna)<\/p>\n<p>Antonietta Gostoli, Universit\u00e0 di Perugia<\/p>\n<p>Luca Graverini, Universit\u00e0 di Siena<\/p>\n<p>Isabella Gualandri, Universit\u00e0 degli Studi di Milano<\/p>\n<p>Augusto Guida, Universit\u00e0 di Udine<\/p>\n<p>Edward Harris, Durham University, Regno Unito<\/p>\n<p>Shane Hawkins, Carleton University, Ottawa, Canada<\/p>\n<p>Niklas Holzberg, Ludwig-Maximilians-Universit\u00e4t M\u00fcnchen, Germania<\/p>\n<p>Ana Iriarte Go\u00f1i, Universidad del Pa\u00eds Vasco, Vitoria-Gasteiz, Spagna<\/p>\n<p>C.F. Konrad, Texas A&amp;M University, College Station, USA<\/p>\n<p>Michael Koortbojian, Princeton University, New Jersey, USA<\/p>\n<p>David Kremer, Universit\u00e9 de Paris, Francia<\/p>\n<p>Umberto Laffi, Accademia Nazionale dei Lincei<\/p>\n<p>Francesca Lamberti, Universit\u00e0 del Salento, Lecce<\/p>\n<p>Franca Landucci, Universit\u00e0 Cattolica del Sacro Cuore, Milano<\/p>\n<p>Nicolas Laubry, \u00c9cole Fran\u00e7aise de Rome<\/p>\n<p>Fran\u00e7oise L\u00e9toublon, Universit\u00e9 Grenoble Alpes, Francia<\/p>\n<p>Franco Lo Piparo, Universit\u00e0 di Palermo<\/p>\n<p>Clemente Marconi, Universit\u00e0 degli Studi di Milano \/ New York University, USA<\/p>\n<p>Carla Masi Doria, Universit\u00e0 di Napoli Federico II<\/p>\n<p>Steve Mason, University of Groningen, Paesi Bassi<\/p>\n<p>Paolo Mastandrea, Universit\u00e0 Ca' Foscari - Venezia<\/p>\n<p>Ida Gilda Mastrorosa, Universit\u00e0 di Firenze<\/p>\n<p>Roberta Mazza, University of Manchester, Regno Unito<\/p>\n<p>H\u00e9l\u00e8ne M\u00e9nard, Universit\u00e9 Paul Val\u00e9ry - Montpellier, Francia<\/p>\n<p>Christopher Moore, Pennsylvania State University, University Park, USA<\/p>\n<p>Claudio Moreschini, Universit\u00e0 di Pisa<\/p>\n<p>Luigi Munzi, Universit\u00e0 di Napoli L'Orientale<\/p>\n<p>Camillo Neri, Alma Mater Studiorum - Universit\u00e0 di Bologna<\/p>\n<p>Renato Oniga, Universit\u00e0 di Udine<\/p>\n<p>Jan Opsomer, KU Leuven, Belgio<\/p>\n<p>Robin Osborne, King's College, Cambridge, Regno Unito<\/p>\n<p>Nandini B. Pandey, University of Wisconsin-Madison, USA<\/p>\n<p>Sabine Panzram, Universit\u00e4t Hamburg, Germania<\/p>\n<p>Valeria Parisi, Universit\u00e0 della Campania Luigi Vanvitelli<\/p>\n<p>Marco Petoletti, Universit\u00e0 Cattolica del Sacro Cuore, Milano<\/p>\n<p>Giovanna Petrone, Universit\u00e0 di Palermo<\/p>\n<p>Alexia Petsalis-Diomidis, University of St Andrews, Regno Unito<\/p>\n<p>Lisa Piazzi, Universit\u00e0 di Pisa<\/p>\n<p>Rita Pierini, Universit\u00e0 di Firenze<\/p>\n<p>Antoine Pietrobelli, Universit\u00e9 de Reims Champagne-Ardenne, Francia<\/p>\n<p>Leandro Polverini, Istituto Nazionale di Studi Romani<\/p>\n<p>David M. Pritchard, University of Queensland, Brisbane, Australia<\/p>\n<p>Federico Procchi, Universit\u00e0 di Pisa<\/p>\n<p>Diana Quarantotto, Sapienza Universit\u00e0 di Roma<\/p>\n<p>Massimo Raffa, Liceo Classico \u00abG.B. Impallomeni\u00bb di Milazzo (ME)<\/p>\n<p>Tessa Rajak, University of Reading \/ Somerville College, University of Oxford, Regno Unito<\/p>\n<p>Francesca Reduzzi, Universit\u00e0 di Napoli Federico II<\/p>\n<p>Stefano Rocchi, Universit\u00e0 di Pavia<\/p>\n<p>Bruno Rochette, Universit\u00e9 de Li\u00e8ge, Belgio<\/p>\n<p>Francesca Rohr Vio, Universit\u00e0 Ca' Foscari - Venezia<\/p>\n<p>Cristina Rosillo L\u00f3pez, Universidad Pablo de Olavide, Sevilla, Spagna<\/p>\n<p>Catherine Rubincam, University of Toronto Mississauga, Canada<\/p>\n<p>Amy Russell, Brown University, Providence, Rhode Island, USA<\/p>\n<p>Federico Russo, Universit\u00e0 degli Studi di Milano<\/p>\n<p>John Scheid, Coll\u00e8ge de France, Francia<\/p>\n<p>Alessandro Schiesaro, University of Manchester, Regno Unito<\/p>\n<p>Pierre Schneider, Universit\u00e9 d'Artois, Arras, Francia<\/p>\n<p>Rita Scuderi, Universit\u00e0 di Pavia<\/p>\n<p>Alan Sommerstein, University of Nottingham, Regno Unito<\/p>\n<p>W. Jeffrey Tatum, Victoria University of Wellington, Nuova Zelanda<\/p>\n<p>Andr\u00e9 Tchernia, \u00c9cole des Hautes \u00c9tudes en Sciences Sociales \/ CNRS-CCJ, Francia<\/p>\n<p>Michael Trapp, King's College London, Regno Unito<\/p>\n<p>Jean Trinquier, \u00c9cole Normale Sup\u00e9rieure, Paris, Francia<\/p>\n<p>Sophie Van der Meeren-Ferreri, Universit\u00e9 de Rennes 2, Francia<\/p>\n<p>Jan Willem van Henten, University of Amsterdam, Paesi Bassi<\/p>\n<p>Giulio Vannini, Universit\u00e0 di Firenze<\/p>\n<p>Pierre Vesperini, Centre National de la Recherche Scientifique (CNRS) \/ Anthropologie et Histoire des Mondes Anciens, UMR 8210, Paris (ANHIMA), Francia<\/p>\n<p>Nereida Villagra Hidalgo, Universidade de Lisboa, Portogallo<\/p>\n<p>Catherine Virlouvet, Aix-Marseille Universit\u00e9, Francia<\/p>\n<p>David J. Wasserstein, Vanderbilt University, Nashville, Tennessee, USA<\/p>\n<p>Andreas Willi, University of Oxford, Regno Unito<\/p>\n<p>Gareth Williams, Columbia University in the City of New York, USA<\/p>\n<p>Etienne Wolff, Universit\u00e9 Paris Nanterre, Francia<\/p>\n<p>David Woods, University College Cork, Irlanda<\/p>\n<p>Fernando Wulff Alonso, Universidad de M\u00e1laga, Spagna<\/p>\n<p>Leonid Zhmud, Russian Academy of Sciences, Russia<\/p>\n<div data-page-number=\"1\"><\/div>\n<div class=\"thumbnail selected\" data-page-number=\"1\">\n<p class=\"p1\">Loriano Zurli, Universit\u00e0 di Perugia<\/p>\n<\/div>\n<\/div>\n<\/div>\n<\/div>\n<\/div>\n<\/div><\/div><\/div><\/div><\/div>","protected":false},"excerpt":{"rendered":"<p>Elenco dei revisori che hanno valutato gli articoli proposti ad \u00abAthenaeum\u00bb nel periodo 2020-2022 &nbsp; List of the reviewers of essays submitted to \u00abAthenaeum\u00bb in 2020-2022 &nbsp; Nel biennio compreso tra il maggio 2020 e l&#8217;aprile 2022 sono stati sottoposti alla rivista 83 articoli. Sono stati approvati per la stampa 39 articoli (pari al 47%&hellip;&nbsp;<a href=\"https:\/\/athenaeum.unipv.it\/index.php\/elenco-dei-referee-2018-2020-2\/\" class=\"\" rel=\"bookmark\">Leggi tutto &raquo;<span class=\"screen-reader-text\">Elenco dei referee (2020-2022)<\/span><\/a><\/p>\n","protected":false},"author":4,"featured_media":0,"parent":0,"menu_order":0,"comment_status":"closed","ping_status":"closed","template":"","meta":{"neve_meta_sidebar":"full-width","neve_meta_container":"","neve_meta_enable_content_width":"on","neve_meta_content_width":100,"neve_meta_title_alignment":"","neve_meta_author_avatar":"","neve_post_elements_order":"","neve_meta_disable_header":"","neve_meta_disable_footer":"","neve_meta_disable_title":"","_themeisle_gutenberg_block_has_review":false,"_ti_tpc_template_sync":false,"_ti_tpc_template_id":""},"acf":[],"_links":{"self":[{"href":"https:\/\/athenaeum.unipv.it\/index.php\/wp-json\/wp\/v2\/pages\/1891"}],"collection":[{"href":"https:\/\/athenaeum.unipv.it\/index.php\/wp-json\/wp\/v2\/pages"}],"about":[{"href":"https:\/\/athenaeum.unipv.it\/index.php\/wp-json\/wp\/v2\/types\/page"}],"author":[{"embeddable":true,"href":"https:\/\/athenaeum.unipv.it\/index.php\/wp-json\/wp\/v2\/users\/4"}],"replies":[{"embeddable":true,"href":"https:\/\/athenaeum.unipv.it\/index.php\/wp-json\/wp\/v2\/comments?post=1891"}],"version-history":[{"count":6,"href":"https:\/\/athenaeum.unipv.it\/index.php\/wp-json\/wp\/v2\/pages\/1891\/revisions"}],"predecessor-version":[{"id":2416,"href":"https:\/\/athenaeum.unipv.it\/index.php\/wp-json\/wp\/v2\/pages\/1891\/revisions\/2416"}],"wp:attachment":[{"href":"https:\/\/athenaeum.unipv.it\/index.php\/wp-json\/wp\/v2\/media?parent=1891"}],"curies":[{"name":"wp","href":"https:\/\/api.w.org\/{rel}","templated":true}]}}