{"id":304,"date":"2020-10-22T06:04:37","date_gmt":"2020-10-22T06:04:37","guid":{"rendered":"http:\/\/webnixinfotech.com\/?page_id=304"},"modified":"2021-05-03T21:38:33","modified_gmt":"2021-05-03T21:38:33","slug":"ath46-2002","status":"publish","type":"page","link":"https:\/\/athenaeum.unipv.it\/index.php\/ath46-2002\/","title":{"rendered":"ATH46-2002"},"content":{"rendered":"<div id=\"pl-304\"  class=\"panel-layout\" ><div id=\"pg-304-0\"  class=\"panel-grid panel-no-style\" ><div id=\"pgc-304-0-0\"  class=\"panel-grid-cell\" ><div id=\"panel-304-0-0-0\" class=\"so-panel widget widget_sow-editor panel-first-child panel-last-child\" data-index=\"0\" ><div\n\t\t\t\n\t\t\tclass=\"so-widget-sow-editor so-widget-sow-editor-base\"\n\t\t\t\n\t\t>\n<div class=\"siteorigin-widget-tinymce textwidget\">\n\t<div align=\"center\">\n<p>&nbsp;<\/p>\n<table border=\"0\" width=\"90%\">\n<tbody>\n<tr>\n<td width=\"100%\">\n<p style=\"margin-bottom: 0px;\" align=\"center\"><span style=\"font-size: large;\"><b>Athenaeum<br \/>\n<\/b><\/span><\/p>\n<p style=\"margin-bottom: 0px;\" align=\"center\"><b>Indice dell\u2019annata 2002<\/b><\/p>\n<div align=\"center\">\n<table border=\"0\" width=\"75%\" cellpadding=\"0\">\n<tbody>\n<tr>\n<td width=\"15%\"><a href=\"#Anchor-Fascicol-13312\"><b>Fascicolo 1<\/b><\/a><\/td>\n<td width=\"35%\">\n<div align=\"center\">\n<p>&nbsp;<\/p>\n<table border=\"0\" cellpadding=\"0\">\n<tbody>\n<tr>\n<td><a href=\"#Anchor-Articol-21800\"><b>Articoli<\/b><\/a><\/td>\n<\/tr>\n<tr>\n<td><a href=\"#Anchor-Not-35433\"><b>Note e discussioni<\/b><\/a><\/td>\n<\/tr>\n<tr>\n<td><a href=\"#Anchor-Recension-49687\"><b>Recensioni<\/b><\/a><\/td>\n<\/tr>\n<tr>\n<td><a href=\"#Anchor-Notizi-63154\"><b>Notizie di pubblicazione<\/b><\/a><\/td>\n<\/tr>\n<\/tbody>\n<\/table>\n<p>&nbsp;<\/p>\n<\/div>\n<\/td>\n<td width=\"15%\"><a href=\"#Anchor-Fascicol-10032\"><b>Fascicolo 2<\/b><\/a><\/td>\n<td width=\"35%\">\n<table border=\"0\" cellpadding=\"0\">\n<tbody>\n<tr>\n<td><a href=\"#Anchor-Articol-24888\"><b>Articoli<\/b><\/a><\/td>\n<\/tr>\n<tr>\n<td><a href=\"#Anchor-Not-38131\"><b>Note e discussioni<\/b><\/a><\/td>\n<\/tr>\n<tr>\n<td><a href=\"#Anchor-Recension-50456\"><b>Recensioni<\/b><\/a><\/td>\n<\/tr>\n<tr>\n<td><a href=\"#Anchor-Notizi-64396\"><b>Notizie di pubblicazione<\/b><\/a><\/td>\n<\/tr>\n<\/tbody>\n<\/table>\n<\/td>\n<\/tr>\n<\/tbody>\n<\/table>\n<p><a style=\"font-family: inherit; font-size: inherit;\" name=\"Anchor-Fascicol-13312\"><\/a><\/p>\n<\/div>\n<p style=\"text-align: center;\"><b><i><\/i><\/b><b><i>Fascicolo 1<br \/>\n<\/i><\/b><b style=\"font-family: inherit; font-size: inherit;\"><i>(pubblicazione: aprile 2002)<\/i><\/b><\/p>\n<div align=\"center\">\n<p><b><i><a name=\"Anchor-Articol-24888\"><\/a><\/i><\/b><\/p>\n<h3 style=\"margin-left: 18pt; text-indent: -18pt; text-align: left;\"><span style=\"font-size: 12.0pt;\">Articoli<\/span><\/h3>\n<\/div>\n<p>L. Capogrossi Colognesi, <em>Pagi vici e fundi nell\u2019Italia romana<br \/>\n<\/em>M. Cavalieri - D.Barbagli, <em>Alvei e labra in marmi colorati: tipologie e impiego<br \/>\n<\/em>O. Carruba - N. Vismara, <em>Una emissione arcaica della citt\u00e0 di Gagae<br \/>\n<\/em>C. J. Simpson, <em>The tomb, immortality and the Pontifex. Some realities in Horace 3, 30<br \/>\n<\/em>L. Belloni, <em>L\u2019aedo del re (Od. III, 262-272)<br \/>\n<\/em>F. J. Fernandez Nieto, <em>Agis III, Anfotero y el <\/em>polemos xenikos<em> de Creta: una correcion a Quinto Curcio IV,8,15<br \/>\n<\/em>E. S. Ramage, <em>The populus romanus, imperium and Caesar\u2019s presence in the <\/em>De bello Gallico<br \/>\nP. Pavon, Loca noxiorum poenis destinata <em>(Front. 55, 8-15 La), o el castigo fuera de la ciudad<br \/>\n<\/em>C. O. Tommasi Moreschini, <em>Realt\u00e0 della storia e retorica dell\u2019impero nella <\/em>Iohannis <em>di Corippo<br \/>\n<\/em>H. Akbar Khan, <em>The boy at the banquet:<br \/>\n<\/em><em>Dido and Amor in Vergil, Aen. I<a name=\"Anchor-Not-35433\"><\/a><\/em><\/p>\n<h3 style=\"margin-left: 18.0pt; text-indent: -18.0pt;\"><span style=\"font-size: 12.0pt;\">Note e Discussioni<\/span><\/h3>\n<p>D. Gilula, <em>Entertainment at Xenophon\u2019s <\/em>Symposium<br \/>\nF. R. Berno, <em>Ostio Quadra allo specchio. Riflessioni speculari e speculative su <\/em>Nat. Quaest. <em>I, 16-17<br \/>\n<\/em>J. Hunt, <em>A locus desperatus in Apollonius of Tyre<br \/>\n<\/em>G. Bonfante, <em>\"Vero\" e \"falso\" in indoeuropeo<br \/>\n<\/em>G. Bonfante, <em>Lo pseudo dittongo <\/em>ae<br \/>\nD. Mantovani, <em>Allusione poetica a una <\/em>lex regia <em>(Ovidio, <\/em>Amores<em> I, 7, 5)<br \/>\n<\/em>E. Gabba, <em>Una lettera di F. Munzer a Plinio Fraccaro<a name=\"Anchor-Recension-49687\"><\/a><\/em><\/p>\n<h3 style=\"margin-left: 18.0pt; text-indent: -18.0pt;\"><span style=\"font-size: 12.0pt;\">Recensioni<\/span><\/h3>\n<p>E. Gabba, <em>Roma arcaica. Storia e storiografia<\/em> (U. Laffi)<br \/>\n<em>Le collezioni di antichit\u00e0 nella cultura antiquaria europea<\/em>, a cura di M. Fano Santi (C. Maccabruni)<br \/>\n<em>Il vetro dall\u2019antichit\u00e0 all\u2019et\u00e0 contemporanea<\/em> (C. Maccabruni)<br \/>\nL. Del Francia Barocas, <em>Antinoe cent\u2019anni dopo<\/em> (I. Domenici)<br \/>\n<em>San Giusto. La villa, le ecclesiae<\/em>, a cura di G: Volpe (R. Invernizzi)<br \/>\nL. Troiani, <em>Il perdono cristiano<\/em> (G. Firpo)<br \/>\nF. Muccioli, <em>Dionisio II. Storia e tradizione letteraria<\/em> (D. Ambaglio)<br \/>\nM. Zimmermann, <em>Geschichtsschreibung und politischer Wandel im 3 Jh. n. C.<\/em> (A. Marcone)<br \/>\nD. Henning, Periclitans res publica. <em>Kaisertum und Eliten<\/em> (A. Marcone)<br \/>\nH. Brandt, <em>Gedeutete Realitaet. Krisen usw.<\/em> (A. Marcone)<br \/>\nJ. Dummer - M. Vierlberg, <em>Leitbilder der Spaetantike<\/em> (A. Marcone)<br \/>\nM. L. Sancassano, <em>Il serpente e le sue immagini<\/em> (E. Smoquina)<br \/>\nTheocritus, <em>A Selection, Idylls<\/em> (ed. R. Hunter) (F. Schironi)<br \/>\nL. Beltrami, <em>Il sangue degli antenati<\/em> (R. Funari)<br \/>\nD. Thomson, <em>Catullus<\/em> (M. Aschei)<br \/>\nE. Best, <em>A critical and exegetical Commentary on Ephesians<\/em> (D. Zoroddu)<br \/>\nA. La Penna, <em>Eros dai cento volti. Modelli etici ed estetici nell\u2019et\u00e0 dei Flavi<\/em> (A. Bonadeo)<br \/>\nA. Pellizzari, <em>Commento storico al libro III dell\u2019epistolario di Simmaco<\/em> (M. Cesa)<br \/>\nE. Karlsen, <em>The accusativus cum infinitivo in the Revelaciones of st. Bridget<\/em> (G. Haverling)<br \/>\n<em>La revolution romaine apr\u00e8s R. Syme<\/em> (E. Gabba)<br \/>\nG. Bradley, <em>Ancient Umbria<\/em> (E. Gabba)<a name=\"Anchor-Notizi-63154\"><\/a><\/p>\n<h3 style=\"margin-left: 18.0pt; text-indent: -18.0pt;\"><span style=\"font-size: 12.0pt;\">Notizie di Pubblicazioni<\/span><\/h3>\n<p>J. L. De La Barbera, <em>La decoracion arquitectonica de los foros de Augusta Emerita<\/em> (V. Bracco); H. W. Havelaar, <em>The coptic Apocalypse of Peter<\/em> (B. Chiesa); <em>Antiaristotelismo<\/em>, a cura di C. Natali e S. Maso (F. Ferrari); <em>Valeurs et m\u00e9moire \u00e0 Rome. Val\u00e8re Maxime ou la vertu recompos\u00e9e<\/em> (M. Negri); W. J .Tatum, <em>The patrician Tribune Publius Clodius Pulcher<\/em> (G. Zecchini); J. Engels, <em>Augusteische Oikumenegeographie<\/em> (G. Zecchini); Z. Yavetz, <em>Tiberio dalla finzione alla pazzia<\/em> (D. Campanile); A. Winterling, Aula Caesaris (A. Marcone); R.W. Burgess, <em>Studies in Eusebian and posteusebian Chronography<\/em> (A. Marcone); <em>G\u00e9ographes Grecs<\/em> (E. Gabba); S. Grimaudo, <em>Misurare e pesare nella Grecia antica<\/em> (E. Gabba); A. Ferrari, <em>Dizionario di mitologia greca e romana<\/em> (M. Aschei); Rus Africum (E. Carlsen).<\/p>\n<p><a name=\"Anchor-Fascicol-10032\"><\/a><\/p>\n<p align=\"center\"><b><i><span style=\"font-size: 11.0pt;\">Fascicolo 2<br \/>\n<\/span><\/i><\/b><b><i><span style=\"font-size: 11.0pt;\">(pubblicazione: novembre 2002)<a name=\"Anchor-Articol-24888\"><\/a><\/span><\/i><\/b><\/p>\n<h3 style=\"margin-left: 18pt; text-indent: -18pt; text-align: left;\"><span style=\"font-size: 12.0pt;\">Articoli<\/span><\/h3>\n<p>C. Saletti, <em>Ritratti di Augusto in Cisalpina: la documentazione epigrafica<br \/>\n<\/em>J. Linderski, <em>The pontiff and the tribune: the death of Tiberius Gracchus<br \/>\n<\/em><span style=\"font-family: inherit; font-size: inherit;\">S. Sisani, <\/span><em style=\"font-family: inherit; font-size: inherit;\">Lucius Falius Tinia primo quattuorviro del municipio di <\/em><span style=\"font-family: inherit; font-size: inherit;\">Hispellum<br \/>\n<\/span>Ch. Gorrie, <em>The severan building programme and the secular games<br \/>\n<\/em>L. Sancho Rocher, <em>Democracia, multitud y majoria en Aristoteles<br \/>\n<\/em>A. Zavaroni, <em>Sigla del quattuorvirato nella Tavola di Cortona<a name=\"Anchor-Not-38131\"><\/a><\/em><\/p>\n<h3 style=\"margin-left: 1.0cm; text-indent: -1.0cm;\"><span style=\"font-size: 12.0pt;\">Note e Discussioni<\/span><\/h3>\n<p>L. Taborelli, <em>Per l\u2019interpretazione del bollo sui contenitori vitrei anche in rapporto al loro contenuto<br \/>\n<\/em>J. Scott Campbell, <em>The innocence of the protagonist: contradiction in Poetic 13 and 14<br \/>\n<\/em>M. Negri, <em>Su una nuova edizione degli <\/em>Scholia Vergilii Veronensis. <em>Note critico-testuali<br \/>\n<\/em>C. Morandi, <em>Lessico e stile delle Costituzioni Imperiali: limiti di un metodo<a name=\"Anchor-Recension-50456\"><\/a><\/em><\/p>\n<h3 style=\"margin-left: 18.0pt; text-indent: -18.0pt;\"><span style=\"font-size: 12.0pt;\">Recensioni<\/span><\/h3>\n<p>K. Fittschen, <em>Prinzenbildnisse antoninischer Zeit<\/em> (C. Saletti)<br \/>\nP. Baldassari, Sebastoi Soteri. <em>Edilizia monumentale ad Atene durante il <\/em>Saeculum Augustum (E. Calandra)<br \/>\nF. Coarelli, <em>La colonna traiana<\/em> (S. Maggi)<br \/>\n<em>Papiri dell\u2019Iliade<\/em>, a cura di M. Manfredi (J. Lundon)<br \/>\nM. Zimmermann, <em>Kaiser und Ereignis. Studien zum Geschichtswerk Herodians<\/em> (C. Slavich)<br \/>\nP. Totaro, <em>Le seconde parabasi di Aristofane<\/em> (N. Marini)<br \/>\n<em>Performance culture and Athenian Democracy<\/em>, a cura di S. Goldhill e R. Osborne (N. Marini)<br \/>\nP. Wilson, <em>The Athenian institution of the Khoregia. The chorus, the city and the stage<\/em> (N. Marini)<br \/>\nG. Ugolini, <em>Sofocle e Atene. Vita politica e attivit\u00e0 teatrale nella Grecia classica<\/em> (N. Marini)<br \/>\nH. Rodriguez Somolinos, <em>El lexico de los poetas lesbios<\/em> (F. Schironi)<br \/>\nApollodoros, <em>Against Neaira<\/em>, ed. K. A. Kapparis (F. Schironi)<br \/>\nG. Williams - G. Friell, <em>The Rome that did not fall. The survival of the East in the fifth century<\/em> (M. Francesio)<br \/>\nE. Todisco, <em>I veterani in Italia in et\u00e0 imperiale<\/em> (M. Traverso)<br \/>\nA. A. Long, <em>The Cambridge companion to early greek Philosophy<\/em> (F. Ferrari)<br \/>\nS. Freund, <em>Vergil im fruehen Christentum. Untersuchungen zu den Vergilzitaten bei Tertullian, Minucius Felix, Novatian, Cyprian und Arnobiu<\/em>s (P. V. Cova)<br \/>\nG. Firpo, <em>Le rivolte giudaiche<\/em> (L. Troiani)<a name=\"Anchor-Notizi-64396\"><\/a><\/p>\n<h3 style=\"margin-left: 1.0cm; text-indent: -1.0cm;\"><span style=\"font-size: 12.0pt;\">Notizie di Pubblicazioni<\/span><\/h3>\n<p>Gaio Sallustio Crispo, <em>La congiura di Catilina<\/em>, a cura di G. Garbugino (R. Funari); H.. Klees, <em>Sklavenleben im klassischen Griechenland<\/em> (S. Riccardi); A..Chaniotis (ed.), <em>From minoan farmers to roman traders. Sidelights on the economy of ancient Crete<\/em> (D. Foraboschi); W. Eck, <em>L\u2019Italia nell\u2019impero romano. Stato e amministrazione in epoca imperiale<\/em> (S. Segenni); Virgil, <em>Aeneid 7. A commentary<\/em> (by N. Horsfall) (A. Barabino); J. Bennett, <em>Traianus <\/em>etc. (R. Scuderi); J. Scheid, <em>Recherches<\/em> etc. (R. Scuderi).<\/p>\n<\/td>\n<\/tr>\n<\/tbody>\n<\/table>\n<p>&nbsp;<\/p>\n<\/div>\n<p>&nbsp;<\/p>\n<p align=\"center\"><a href=\"https:\/\/athenaeum.unipv.it\/indici\/athenaeum.html\">Athenaeum<\/a> - <a href=\"http:\/\/dobc.unipv.it\/dipscant\/index.html\">Home dipartimento<\/a><\/p>\n<\/div>\n<\/div><\/div><\/div><\/div><\/div>","protected":false},"excerpt":{"rendered":"<p>&nbsp; Athenaeum Indice dell\u2019annata 2002 Fascicolo 1 &nbsp; Articoli Note e discussioni Recensioni Notizie di pubblicazione &nbsp; Fascicolo 2 Articoli Note e discussioni Recensioni Notizie di pubblicazione Fascicolo 1 (pubblicazione: aprile 2002) Articoli L. Capogrossi Colognesi, Pagi vici e fundi nell\u2019Italia romana M. Cavalieri &#8211; D.Barbagli, Alvei e labra in marmi colorati: tipologie e impiego&hellip;&nbsp;<a href=\"https:\/\/athenaeum.unipv.it\/index.php\/ath46-2002\/\" class=\"\" rel=\"bookmark\">Leggi tutto &raquo;<span class=\"screen-reader-text\">ATH46-2002<\/span><\/a><\/p>\n","protected":false},"author":1,"featured_media":0,"parent":0,"menu_order":0,"comment_status":"closed","ping_status":"closed","template":"","meta":{"neve_meta_sidebar":"full-width","neve_meta_container":"","neve_meta_enable_content_width":"on","neve_meta_content_width":100,"neve_meta_title_alignment":"","neve_meta_author_avatar":"","neve_post_elements_order":"","neve_meta_disable_header":"","neve_meta_disable_footer":"","neve_meta_disable_title":"","_themeisle_gutenberg_block_has_review":false,"_ti_tpc_template_sync":false,"_ti_tpc_template_id":""},"acf":[],"_links":{"self":[{"href":"https:\/\/athenaeum.unipv.it\/index.php\/wp-json\/wp\/v2\/pages\/304"}],"collection":[{"href":"https:\/\/athenaeum.unipv.it\/index.php\/wp-json\/wp\/v2\/pages"}],"about":[{"href":"https:\/\/athenaeum.unipv.it\/index.php\/wp-json\/wp\/v2\/types\/page"}],"author":[{"embeddable":true,"href":"https:\/\/athenaeum.unipv.it\/index.php\/wp-json\/wp\/v2\/users\/1"}],"replies":[{"embeddable":true,"href":"https:\/\/athenaeum.unipv.it\/index.php\/wp-json\/wp\/v2\/comments?post=304"}],"version-history":[{"count":16,"href":"https:\/\/athenaeum.unipv.it\/index.php\/wp-json\/wp\/v2\/pages\/304\/revisions"}],"predecessor-version":[{"id":1296,"href":"https:\/\/athenaeum.unipv.it\/index.php\/wp-json\/wp\/v2\/pages\/304\/revisions\/1296"}],"wp:attachment":[{"href":"https:\/\/athenaeum.unipv.it\/index.php\/wp-json\/wp\/v2\/media?parent=304"}],"curies":[{"name":"wp","href":"https:\/\/api.w.org\/{rel}","templated":true}]}}