{"id":724,"date":"2020-10-27T06:31:46","date_gmt":"2020-10-27T06:31:46","guid":{"rendered":"http:\/\/webnixinfotech.com\/?page_id=724"},"modified":"2023-06-14T20:35:46","modified_gmt":"2023-06-14T20:35:46","slug":"comsci","status":"publish","type":"page","link":"https:\/\/athenaeum.unipv.it\/index.php\/comsci\/","title":{"rendered":"Comitato Scientifico Internazionale \/ International Scientific Committee"},"content":{"rendered":"<div id=\"pl-724\"  class=\"panel-layout\" ><div id=\"pg-724-0\"  class=\"panel-grid panel-no-style\" ><div id=\"pgc-724-0-0\"  class=\"panel-grid-cell\" ><div id=\"panel-724-0-0-0\" class=\"so-panel widget widget_sow-editor panel-first-child panel-last-child\" data-index=\"0\" ><div\n\t\t\t\n\t\t\tclass=\"so-widget-sow-editor so-widget-sow-editor-base\"\n\t\t\t\n\t\t><h3 class=\"widget-title\">COMITATO SCIENTIFICO INTERNAZIONALE \/ INTERNATIONAL SCIENTIFIC COMMITTEE<\/h3>\n<div class=\"siteorigin-widget-tinymce textwidget\">\n\t<p>Michael von Albrecht (Ruprecht-Karls-Universit\u00e4t Heidelberg)<br \/>\nMireille Armisen-Marchetti (Universit\u00e9 de Toulouse II - Jean Jaur\u00e8s)<br \/>\nFrancisco Beltr\u00e1n Lloris (Universidad de Zaragoza)<br \/>\nFrancis Cairns (Florida State University)<br \/>\nCarmen Codo\u00f1er Merino (Universidad de Salamanca)<br \/>\nMichael H. Crawford (University College London)<br \/>\nJean-Michel David (Universit\u00e9 Paris I Panth\u00e9on-Sorbonne)<br \/>\nWerner Eck (Universit\u00e4t K\u00f6ln)<br \/>\nMichael Erler (Julius-Maximilians-Universit\u00e4t W\u00fcrzburg)<br \/>\nAlessandro Garcea (Universit\u00e9 Paris IV Sorbonne)<br \/>\nPierre Gros (Universit\u00e9 de Provence Aix-Marseille 1 \/ Acad\u00e9mie des Inscriptions et Belles-Lettres, Paris)<br \/>\nJeffrey Henderson (Boston University)<br \/>\nMichel Humbert (Universit\u00e9 Paris II Panth\u00e9on-Assas)<br \/>\nWolfgang Kaiser (Albert-Ludwigs-Universit\u00e4t Freiburg)<br \/>\nEckard Lef\u00e8vre (Albert-Ludwigs-Universit\u00e4t Freiburg)<br \/>\nMatthew Leigh (St Anne's College, Oxford)<br \/>\nCarlos L\u00e9vy (Universit\u00e9 Paris IV Sorbonne)<br \/>\nClelia Mora (Universit\u00e0 di Pavia)<br \/>\nJan Opsomer (Katholieke Universiteit Leuven)<br \/>\nIgnacio Rodr\u00edguez Alfageme (Universidad Complutense de Madrid)<br \/>\nAlan H. Sommerstein (University of Nottingham)<br \/>\nTheo van den Hout (University of Chicago)<br \/>\nJuan Pablo Vita (Consejo Superior de Investigaciones Cient\u00edficas, Madrid)<br \/>\nGregor Vogt-Spira (Philipps-Universit\u00e4t Marburg)<br \/>\nPaul Zanker (Ludwig-Maximilians-Universit\u00e4t M\u00fcnchen \/ SNS Pisa)<br \/>\nBernhard Zimmermann (Albert-Ludwigs-Universit\u00e4t Freiburg)<\/p>\n<\/div>\n<\/div><\/div><\/div><\/div><\/div>","protected":false},"excerpt":{"rendered":"<p>Michael von Albrecht (Ruprecht-Karls-Universit\u00e4t Heidelberg) Mireille Armisen-Marchetti (Universit\u00e9 de Toulouse II &#8211; Jean Jaur\u00e8s) Francisco Beltr\u00e1n Lloris (Universidad de Zaragoza) Francis Cairns (Florida State University) Carmen Codo\u00f1er Merino (Universidad de Salamanca) Michael H. Crawford (University College London) Jean-Michel David (Universit\u00e9 Paris I Panth\u00e9on-Sorbonne) Werner Eck (Universit\u00e4t K\u00f6ln) Michael Erler (Julius-Maximilians-Universit\u00e4t W\u00fcrzburg) Alessandro Garcea (Universit\u00e9 Paris&hellip;&nbsp;<a href=\"https:\/\/athenaeum.unipv.it\/index.php\/comsci\/\" class=\"\" rel=\"bookmark\">Leggi tutto &raquo;<span class=\"screen-reader-text\">Comitato Scientifico Internazionale \/ International Scientific Committee<\/span><\/a><\/p>\n","protected":false},"author":1,"featured_media":0,"parent":0,"menu_order":0,"comment_status":"closed","ping_status":"closed","template":"","meta":{"neve_meta_sidebar":"full-width","neve_meta_container":"","neve_meta_enable_content_width":"on","neve_meta_content_width":100,"neve_meta_title_alignment":"","neve_meta_author_avatar":"","neve_post_elements_order":"","neve_meta_disable_header":"","neve_meta_disable_footer":"","neve_meta_disable_title":"","_themeisle_gutenberg_block_has_review":false,"_ti_tpc_template_sync":false,"_ti_tpc_template_id":""},"acf":[],"_links":{"self":[{"href":"https:\/\/athenaeum.unipv.it\/index.php\/wp-json\/wp\/v2\/pages\/724"}],"collection":[{"href":"https:\/\/athenaeum.unipv.it\/index.php\/wp-json\/wp\/v2\/pages"}],"about":[{"href":"https:\/\/athenaeum.unipv.it\/index.php\/wp-json\/wp\/v2\/types\/page"}],"author":[{"embeddable":true,"href":"https:\/\/athenaeum.unipv.it\/index.php\/wp-json\/wp\/v2\/users\/1"}],"replies":[{"embeddable":true,"href":"https:\/\/athenaeum.unipv.it\/index.php\/wp-json\/wp\/v2\/comments?post=724"}],"version-history":[{"count":5,"href":"https:\/\/athenaeum.unipv.it\/index.php\/wp-json\/wp\/v2\/pages\/724\/revisions"}],"predecessor-version":[{"id":2423,"href":"https:\/\/athenaeum.unipv.it\/index.php\/wp-json\/wp\/v2\/pages\/724\/revisions\/2423"}],"wp:attachment":[{"href":"https:\/\/athenaeum.unipv.it\/index.php\/wp-json\/wp\/v2\/media?parent=724"}],"curies":[{"name":"wp","href":"https:\/\/api.w.org\/{rel}","templated":true}]}}