{"id":735,"date":"2020-10-27T07:04:39","date_gmt":"2020-10-27T07:04:39","guid":{"rendered":"http:\/\/webnixinfotech.com\/?page_id=735"},"modified":"2023-06-14T18:32:03","modified_gmt":"2023-06-14T18:32:03","slug":"referee","status":"publish","type":"page","link":"https:\/\/athenaeum.unipv.it\/index.php\/referee\/","title":{"rendered":"Elenco dei referee (2010-2012)"},"content":{"rendered":"<div id=\"pl-735\"  class=\"panel-layout\" ><div id=\"pg-735-0\"  class=\"panel-grid panel-no-style\" ><div id=\"pgc-735-0-0\"  class=\"panel-grid-cell\" ><div id=\"panel-735-0-0-0\" class=\"so-panel widget widget_sow-editor panel-first-child panel-last-child\" data-index=\"0\" ><div\n\t\t\t\n\t\t\tclass=\"so-widget-sow-editor so-widget-sow-editor-base\"\n\t\t\t\n\t\t>\n<div class=\"siteorigin-widget-tinymce textwidget\">\n\t<h3 style=\"text-align: center;\"><strong>Elenco dei revisori <\/strong><\/h3>\n<h3 style=\"text-align: center;\"><strong>che hanno valutato gli articoli proposti ad \u00abAthenaeum\u00bb <\/strong><\/h3>\n<h3 style=\"text-align: center;\"><strong>nel periodo 2010-2012<\/strong><\/h3>\n<p>&nbsp;<\/p>\n<h3 style=\"text-align: center;\"><strong>List of the reviewers<\/strong><\/h3>\n<h3 style=\"text-align: center;\"><strong>of essays submitted to \u00abAthenaeum\u00bb<\/strong><\/h3>\n<h3 style=\"text-align: center;\"><strong>in 2010-2012<\/strong><\/h3>\n<p>&nbsp;<\/p>\n<p><em>Nel biennio compreso tra l'aprile 2010 e l'aprile 2012 sono stati sottoposti alla rivista <strong>118<\/strong> articoli.<\/em><\/p>\n<p><em>Sono stati approvati per la stampa <strong>81 <\/strong>articoli (pari al <strong>68,6%<\/strong> del totale).<\/em><\/p>\n<p><em>Sono stati respinti <strong>37<\/strong> articoli (pari al <strong>31,4% <\/strong>del totale).<\/em><\/p>\n<p>&nbsp;<\/p>\n<p><em>In the two years from May 2010 to April 2012, <strong>118<\/strong> items were submitted to the journal.<\/em><\/p>\n<p><em><strong>81<\/strong> items (<strong>68.6%<\/strong> of the total) were approved.<\/em><\/p>\n<p><em><strong>37<\/strong> items were rejected (<strong>31.4%<\/strong> of the total).<\/em><\/p>\n<p>&nbsp;<\/p>\n<p>Gianfranco Agosti, Sapienza Universit\u00e0 di Roma<\/p>\n<p>Michael C. Alexander, University of Illinois at Chicago (U.S.A.)<\/p>\n<p>Eugenio Amato, Universit\u00e9 de Nantes (Francia)<\/p>\n<p>Angela Maria Andrisano, Universit\u00e0 di Ferrara<\/p>\n<p>Giuseppe Aric\u00f2, Universit\u00e0 Cattolica del Sacro Cuore di Milano<\/p>\n<p>Mireille Armisen-Marchetti, Universit\u00e9 de Toulouse 2 -Le Mirail (Francia)<\/p>\n<p>Guido Avezz\u00f9, Universit\u00e0 di Verona<\/p>\n<p>Ulrike Babusiaux, Universit\u00e4t Z\u00fcrich (Svizzera)<\/p>\n<p>Gino Bandelli, Universit\u00e0 di Trieste<\/p>\n<p>Alessandro Barchiesi, Universit\u00e0 di Siena<\/p>\n<p>Timothy D. Barnes, University of Toronto (Canada)<\/p>\n<p>Cinzia Bearzot, Universit\u00e0 Cattolica del Sacro Cuore di Milano<\/p>\n<p>Giorgio Bejor,Universit\u00e0 Statale di Milano<\/p>\n<p>Franco Bertolini,Universit\u00e0 di Pavia<\/p>\n<p>Reinhold Bichler, Universit\u00e4t Innsbruck (Austria)<\/p>\n<p>Sue Blundell, Open University (Gran Bretagna)<\/p>\n<p>Laura Boffo, Universit\u00e0 di Trieste<\/p>\n<p>Mauro Bonazzi, Universit\u00e0 degli Studi di Milano<\/p>\n<p>Jacques Boulogne, Universit\u00e9 Lille 3 (Francia)<\/p>\n<p>Benedetto Bravo, University of Warsaw(Polonia)<\/p>\n<p>John Briscoe, University of Manchester (Gran Bretagna)<\/p>\n<p>Giovanni Brizzi, Universit\u00e0 di Bologna<\/p>\n<p>Francis Cairns, The Florida State University (U.S.A.)<\/p>\n<p>Giuseppe Cambiano, Scuola Normale Superiore di Pisa<\/p>\n<p>Eva Cantarella, Universit\u00e0 Statale di Milano<\/p>\n<p>Chiara Carsana, Universit\u00e0 di Pavia<\/p>\n<p>Angelo Alfredo Casanova, Universit\u00e0 di Firenze<\/p>\n<p>Luigi Castagna, Universit\u00e0 Cattolica del Sacro Cuore di Milano<\/p>\n<p>Alberto Cavarzere, Universit\u00e0 di Verona<\/p>\n<p>Salvatore Cerasuolo, Universit\u00e0 di NapoliFederico II<\/p>\n<p>Fran\u00e7ois Chausson, Universit\u00e9 Paris I Panth\u00e9on-Sorbonne(Francia)<\/p>\n<p>Michel Christol, Centre Gustave Glotz, Paris (Francia)<\/p>\n<p>Pierre Chuvin, Universit\u00e9 Paris X Nanterre (Francia)<\/p>\n<p>Carmen Codo\u00f1er Merino, Universidad de Salamanca (Spagna)<\/p>\n<p>Fabrizio Conca, Universit\u00e0 Statale di Milano<\/p>\n<p>Silvia Condorelli, Universit\u00e0 di Napoli Federico II<\/p>\n<p>Franca Ela Consolino, Universit\u00e0 dell'Aquila<\/p>\n<p>Emanuele Conte, Universit\u00e0 Roma III<\/p>\n<p>Simon Corcoran, University College London (Gran Bretagna)<\/p>\n<p>Edward Courtney, University of Virginia, Charlottesville (U.S.A.)<\/p>\n<p>Michael Crawford, University College London (Gran Bretagna)<\/p>\n<p>Giovannella Cresci, Universit\u00e0 Ca' Foscari, Venezia<\/p>\n<p>Lucia Criscuolo, Universit\u00e0 di Bologna<\/p>\n<p>Paolo Cugusi, Universit\u00e0 di Cagliari<\/p>\n<p>Giovanna Daverio, Universit\u00e0 Statale di Milano<\/p>\n<p>Jean-Michel David,Universit\u00e9 Paris 1 Panth\u00e9on-Sorbonne (Francia)<\/p>\n<p>Mario De Nonno, Universit\u00e0 Roma III<\/p>\n<p>Claude Domergue, Universit\u00e9 Toulouse 2 -Le Mirail (Francia)<\/p>\n<p>Tiziano Dorandi, Centre National de la Recherche Scientifique, Paris (Francia)<\/p>\n<p>Pierre Ducrey, Universit\u00e9 de Lausanne (Svizzera)<\/p>\n<p>Slobodan Du\u0161anic, University of Belgrade (Repubblica Serba)<\/p>\n<p>Werner Eck, Universit\u00e4t K\u00f6ln (Germania)<\/p>\n<p>Michael Erler, Julius-Maximilians-Universit\u00e4t W\u00fcrzburg (Germania)<\/p>\n<p>Andrea Falcon, Concordia University, Montreal (Canada)<\/p>\n<p>Iole Fargnoli, Universit\u00e0 Statale di Milano<\/p>\n<p>Joseph Anthony Farrell, Jr, University of Pennsylvania, Philadelphia (U.S.A.)<\/p>\n<p>Marco Fernandelli, Universit\u00e0 di Trieste<\/p>\n<p>Franco Ferrari, Universit\u00e0 di Salerno<\/p>\n<p>Jean-Louis Ferrary, \u00c9cole Pratique des Hautes \u00c9tudes, Paris (Francia)<\/p>\n<p>Luca Fezzi, Universit\u00e0 di Padova<\/p>\n<p>Giulio Firpo, Universit\u00e0 di Chieti-Pescara<\/p>\n<p>Carlo Franco, Venezia<\/p>\n<p>Ferruccio Franco Repellini, Universit\u00e0 Statale di Milano<\/p>\n<p>Massimo Fusillo, Universit\u00e0 dell'Aquila<\/p>\n<p>Leopoldo Gamberale, Sapienza Universit\u00e0 di Roma<\/p>\n<p>Thomas G\u00e4rtner, Universit\u00e4t K\u00f6ln (Germania)<\/p>\n<p>Silvia Gastaldi, Universit\u00e0 di Pavia<\/p>\n<p>Mario Geymonat, Universit\u00e0 Ca' Foscari, Venezia<\/p>\n<p>Maurizio Giangiulio, Universit\u00e0 di Trento<\/p>\n<p>Valeria Gigante Lanzara, Napoli<\/p>\n<p>Daria Gigli, Universit\u00e0 di Firenze<\/p>\n<p>Daniel W. Graham, Brigham Young University (U.S.A.)<\/p>\n<p>Emanuele Greco, Scuola Archeologica Italiana di Atene<\/p>\n<p>Mark Griffith, University of California, Berkeley (U.S.A.)<\/p>\n<p>Isabella Gualandri, Universit\u00e0 degli Studi di Milano<\/p>\n<p>Augusto Guida, Universit\u00e0 di Udine<\/p>\n<p>Helmut Halfmann, Universit\u00e4t Hamburg (Germania)<\/p>\n<p>Maurizio Harari, Universit\u00e0 di Pavia<\/p>\n<p>Jeffrey Henderson, Boston University (U.S.A.)<\/p>\n<p>Michel Humbert, Universit\u00e9 Paris II Panth\u00e9on-Assas (Francia)<\/p>\n<p>Alberto Jori, Universit\u00e4t T\u00fcbingen (Germania)<\/p>\n<p>Arthur Keaveney, University of Kent (Gran Bretagna)<\/p>\n<p>Umberto Laffi, Universit\u00e0 di Pisa<\/p>\n<p>David Langslow, University of Manchester (Gran Bretagna)<\/p>\n<p>John W.I. Lee, University of California, Santa Barbara (U.S.A.)<\/p>\n<p>Luigi Angelo Lehnus, Universit\u00e0 degli Studi di Milano<\/p>\n<p>Matthew Leigh, St Anne's College, Oxford (Gran Bretagna)<\/p>\n<p>Gaetano Lettieri, Sapienza Universit\u00e0 di Roma<\/p>\n<p>Rita Lizzi, Universit\u00e0 di Perugia<\/p>\n<p>Alberto Maffi, Universit\u00e0 di Milano Bicocca<\/p>\n<p>Stefano Maggi, Universit\u00e0 di Pavia<\/p>\n<p>Arnaldo Marcone, Universit\u00e0 Roma III<\/p>\n<p>Attilio Mastino, Universit\u00e0 di Sassari<\/p>\n<p>Attilio Mastrocinque, Universit\u00e0 di Verona<\/p>\n<p>Giuseppe Mastromarco, Universit\u00e0 di Bari<\/p>\n<p>Egle Micheletto, Beni archeologici del Piemonte e del Museo delle antichit\u00e0 egizie<\/p>\n<p>Elvira Migliario, Universit\u00e0 di Trento<\/p>\n<p>Mauro Moggi, Universit\u00e0 di Siena<\/p>\n<p>Fausto Montana, Universit\u00e0 di Pavia<\/p>\n<p>Clelia Mora, Universit\u00e0 di Pavia<\/p>\n<p>Paola Francesca Moretti, Universit\u00e0 degli Studi di Milano<\/p>\n<p>Antonio Nazzaro, Universit\u00e0 di Napoli Federico II<\/p>\n<p>Salvatore Nicosia, Universit\u00e0 di Palermo<\/p>\n<p>Jan Opsomer, Katholieke Universiteit Leuven (Belgio)<\/p>\n<p>Pascal Payen, Universit\u00e9 Toulouse 2 - Le Mirail (Francia)<\/p>\n<p>Michael Peachin, New York University (U.S.A.)<\/p>\n<p>Francisco Pina Polo, Universidad de Zaragoza (Spagna)<\/p>\n<p>Paolo Poccetti, Universit\u00e0 di Roma Tor Vergata<\/p>\n<p>Giovanni Polara, Universit\u00e0 di Napoli Federico II<\/p>\n<p>Leone Porciani, Universit\u00e0 di Pavia<\/p>\n<p>Salvatore Puliatti, Universit\u00e0 di Parma<\/p>\n<p>Giuseppe Ragone, Universit\u00e0 Roma III<\/p>\n<p>Tessa Rajak, University of Reading (Gran Bretagna)<\/p>\n<p>John Richardson, University of Edinburgh (Gran Bretagna)<\/p>\n<p>Licinia Ricottilli, Universit\u00e0 di Verona<\/p>\n<p>Isabel Rod\u00e0 de Llanza, Institut Catal\u00e0 d'Arqueologia Cl\u00e0ssica, Tarragona (Spagna)<\/p>\n<p>Elisa Romano, Universit\u00e0 di Pavia<\/p>\n<p>Gianpiero Rosati, Universit\u00e0 di Udine<\/p>\n<p>Philippe Rousseau, Universit\u00e9 Lille 3 (Francia)<\/p>\n<p>Michele Renee Salzman, University of California, Riverside (U.S.A.)<\/p>\n<p>Bernardo Santalucia, Universit\u00e0 di Firenze<\/p>\n<p>Giuseppe Sassatelli, Universit\u00e0 di Bologna<\/p>\n<p>Maria Michela Sassi, Universit\u00e0 di Pisa<\/p>\n<p>Barbara Scardigli, Universit\u00e0 di Siena<\/p>\n<p>Paolo Scarpi, Universit\u00e0 di Padova<\/p>\n<p>Daniel R.Schwartz, The Hebrew University of Jerusalem (Israele)<\/p>\n<p>Rita Scuderi, Universit\u00e0 di Pavia<\/p>\n<p>Jo-Ann Shelton, University of California, Santa Barbara (U.S.A.)<\/p>\n<p>Luigi Spina, Universit\u00e0 di Napoli Federico II<\/p>\n<p>Antonio Stramaglia, Universit\u00e0 di Cassino<\/p>\n<p>Gerhard Th\u00fcr, \u00d6sterreichische Akademie der Wissenschaften, Wien (Austria)<\/p>\n<p>Renzo Tosi, Universit\u00e0 di Bologna<\/p>\n<p>Piero Totaro, Universit\u00e0 di Bari<\/p>\n<p>Franco Trabattoni, Universit\u00e0 Statale di Milano<\/p>\n<p>Lucio Troiani, Universit\u00e0 di Pavia<\/p>\n<p>Carlo Venturini, Universit\u00e0 di Pisa<\/p>\n<p>Domenico Vera, Universit\u00e0 di Parma<\/p>\n<p>Biagio Virgilio, Universit\u00e0 di Pisa<\/p>\n<p>Emmanuel Voutiras, Aristotle University of Thessaloniki (Grecia)<\/p>\n<p>Cath\u00e9rine Wolff, Universit\u00e9 Lyon 3 (Francia)<\/p>\n<p>Bernhard Zimmermann, Albert-Ludwigs-Universit\u00e4t Freiburg (Germania)<\/p>\n<p>Cesare Zizza, Universit\u00e0 di Pavia<\/p>\n<p>Loriano Zurli, Universit\u00e0 di Perugia<\/p>\n<\/div>\n<\/div><\/div><\/div><\/div><\/div>","protected":false},"excerpt":{"rendered":"<p>Elenco dei revisori che hanno valutato gli articoli proposti ad \u00abAthenaeum\u00bb nel periodo 2010-2012 &nbsp; List of the reviewers of essays submitted to \u00abAthenaeum\u00bb in 2010-2012 &nbsp; Nel biennio compreso tra l&#8217;aprile 2010 e l&#8217;aprile 2012 sono stati sottoposti alla rivista 118 articoli. Sono stati approvati per la stampa 81 articoli (pari al 68,6% del&hellip;&nbsp;<a href=\"https:\/\/athenaeum.unipv.it\/index.php\/referee\/\" class=\"\" rel=\"bookmark\">Leggi tutto &raquo;<span class=\"screen-reader-text\">Elenco dei referee (2010-2012)<\/span><\/a><\/p>\n","protected":false},"author":1,"featured_media":0,"parent":0,"menu_order":0,"comment_status":"closed","ping_status":"closed","template":"","meta":{"neve_meta_sidebar":"full-width","neve_meta_container":"","neve_meta_enable_content_width":"on","neve_meta_content_width":100,"neve_meta_title_alignment":"","neve_meta_author_avatar":"","neve_post_elements_order":"","neve_meta_disable_header":"","neve_meta_disable_footer":"","neve_meta_disable_title":"","_themeisle_gutenberg_block_has_review":false,"_ti_tpc_template_sync":false,"_ti_tpc_template_id":""},"acf":[],"_links":{"self":[{"href":"https:\/\/athenaeum.unipv.it\/index.php\/wp-json\/wp\/v2\/pages\/735"}],"collection":[{"href":"https:\/\/athenaeum.unipv.it\/index.php\/wp-json\/wp\/v2\/pages"}],"about":[{"href":"https:\/\/athenaeum.unipv.it\/index.php\/wp-json\/wp\/v2\/types\/page"}],"author":[{"embeddable":true,"href":"https:\/\/athenaeum.unipv.it\/index.php\/wp-json\/wp\/v2\/users\/1"}],"replies":[{"embeddable":true,"href":"https:\/\/athenaeum.unipv.it\/index.php\/wp-json\/wp\/v2\/comments?post=735"}],"version-history":[{"count":11,"href":"https:\/\/athenaeum.unipv.it\/index.php\/wp-json\/wp\/v2\/pages\/735\/revisions"}],"predecessor-version":[{"id":2407,"href":"https:\/\/athenaeum.unipv.it\/index.php\/wp-json\/wp\/v2\/pages\/735\/revisions\/2407"}],"wp:attachment":[{"href":"https:\/\/athenaeum.unipv.it\/index.php\/wp-json\/wp\/v2\/media?parent=735"}],"curies":[{"name":"wp","href":"https:\/\/api.w.org\/{rel}","templated":true}]}}