{"id":746,"date":"2020-10-27T07:46:15","date_gmt":"2020-10-27T07:46:15","guid":{"rendered":"http:\/\/webnixinfotech.com\/?page_id=746"},"modified":"2023-06-14T18:31:22","modified_gmt":"2023-06-14T18:31:22","slug":"referee-2014-2016","status":"publish","type":"page","link":"https:\/\/athenaeum.unipv.it\/index.php\/referee-2014-2016\/","title":{"rendered":"Elenco dei referee (2014-2016)"},"content":{"rendered":"<div id=\"pl-746\"  class=\"panel-layout\" ><div id=\"pg-746-0\"  class=\"panel-grid panel-no-style\" ><div id=\"pgc-746-0-0\"  class=\"panel-grid-cell\" ><div id=\"panel-746-0-0-0\" class=\"so-panel widget widget_sow-editor panel-first-child panel-last-child\" data-index=\"0\" ><div\n\t\t\t\n\t\t\tclass=\"so-widget-sow-editor so-widget-sow-editor-base\"\n\t\t\t\n\t\t>\n<div class=\"siteorigin-widget-tinymce textwidget\">\n\t<div id=\"outerContainer\">\n<div id=\"sidebarContainer\">\n<div id=\"toolbarSidebar\">\n<div class=\"splitToolbarButton toggled\"><\/div>\n<\/div>\n<\/div>\n<\/div>\n<div id=\"sidebarContainer\">\n<div id=\"sidebarContent\">\n<div id=\"thumbnailView\">\n<div class=\"thumbnail selected\" data-page-number=\"1\">\n<div class=\"thumbnailSelectionRing\"><\/div>\n<\/div>\n<div class=\"thumbnail\" data-page-number=\"2\">\n<div class=\"thumbnailSelectionRing\"><\/div>\n<\/div>\n<div class=\"thumbnail\" data-page-number=\"3\">\n<div class=\"thumbnailSelectionRing\"><\/div>\n<\/div>\n<\/div>\n<\/div>\n<\/div>\n<h3 style=\"text-align: center;\"><strong>Elenco dei revisori<\/strong><\/h3>\n<h3 style=\"text-align: center;\"><strong> che hanno valutato gli articoli proposti ad \u00abAthenaeum\u00bb <\/strong><\/h3>\n<h3 style=\"text-align: center;\"><strong>nel periodo 2014-2016<\/strong><\/h3>\n<p>&nbsp;<\/p>\n<h3 style=\"text-align: center;\"><strong>List of the reviewers<\/strong><\/h3>\n<h3 style=\"text-align: center;\"><strong>of essays submitted to \u00abAthenaeum\u00bb<\/strong><\/h3>\n<h3 style=\"text-align: center;\"><strong>in 2014-2016<\/strong><\/h3>\n<p>&nbsp;<\/p>\n<p><em> Nel biennio compreso tra il maggio 2014 e l'aprile 2016 sono stati sottoposti alla rivista <strong>94<\/strong> articoli. <\/em><\/p>\n<p><em>Sono stati approvati per la stampa <strong>43<\/strong> articoli (pari al <strong>45,7%<\/strong> del totale). <\/em><\/p>\n<p><em>Sono stati respinti o ritirati <strong>49<\/strong> articoli (pari al <strong>52,1%<\/strong> del totale). <\/em><\/p>\n<p><em>Per 2 articoli \u00e8 ancora in corso la procedura di valutazione.<\/em><\/p>\n<p>&nbsp;<\/p>\n<p><em>In the two years from May 2014 to April 2016, <strong>94<\/strong> items were submitted to the journal.<\/em><\/p>\n<p><em><strong>43<\/strong> items (<strong>45.7%<\/strong> of the total) were approved.<\/em><\/p>\n<p><em><strong>49<\/strong> items were rejected or withdrawn (<strong>52.1%<\/strong> of the total).<\/em><\/p>\n<p><em>The peer-review process is still ongoing for 2 items.<\/em><\/p>\n<p>&nbsp;<\/p>\n<p>Michele Abbate, Universit\u00e0 di Salerno<\/p>\n<p>Francesco Arcaria, Universit\u00e0 di Catania<\/p>\n<p>Ilias N. Arnaoutoglou, Academy in Athens, Grecia<\/p>\n<p>Graziano Arrighetti, Universit\u00e0 di Pisa<\/p>\n<p>Leanne Bablitz, University of British Columbia, Vancouver, Canada<\/p>\n<p>Jean-S\u00e9bastien Balzat, University of Oxford, Regno Unito<\/p>\n<p>Gino Bandelli, Deputazione di Storia Patria per il Friuli Venezia Giulia, Trieste<\/p>\n<p>Pedro Barcel\u00f3, Universit\u00e4t Potsdam, Germania<\/p>\n<p>Cinzia Bearzot, Universit\u00e0 Cattolica del Sacro Cuore, Milano<\/p>\n<p>Nicole Belayche, \u00c9cole Pratique des Hautes \u00c9tudes, Francia<\/p>\n<p>St\u00e9phane Bourdin, \u00c9cole Fran\u00e7aise de Rome<\/p>\n<p>Joan B. Burton, Trinity University, San Antonio, Texas, USA<\/p>\n<p>Francesca Calabi, Universit\u00e0 di Pavia<\/p>\n<p>Mario Cantilena, Universit\u00e0 Cattolica del Sacro Cuore, Milano<\/p>\n<p>Alfredo Casamento, Universit\u00e0 di Palermo<\/p>\n<p>Angelo Casanova, Universit\u00e0 di Firenze<\/p>\n<p>Marco Cavalieri, Universit\u00e9 Catholique de Louvain - Centre d'\u00e9tude des Mondes Antiques, Belgio<\/p>\n<p>Alberto Cavarzere, Universit\u00e0 di Verona<\/p>\n<p>Riccardo Chiaradonna, Universit\u00e0 Roma Tre<\/p>\n<p>Francesco Citti, Universit\u00e0 di Bologna<\/p>\n<p>Guido Clemente, Universit\u00e0 di Firenze<\/p>\n<p>Virgilio Costa, Universit\u00e0 di Roma Tor Vergata<\/p>\n<p>Lellia Cracco Ruggini, Universit\u00e0 di Torino<\/p>\n<p>Michael H. Crawford, University College London, Regno Unito<\/p>\n<p>Christophe Cusset, \u00c9cole Normale Sup\u00e9rieure de Lyon, Francia<\/p>\n<p>Jean-Michel David, Universit\u00e9 Paris 1 Panth\u00e9on-Sorbonne, Francia<\/p>\n<p>Luuk de Ligt, Universiteit Leiden, Paesi Bassi<\/p>\n<p>Adolfo Dom\u00ednguez Monedero, Universidad Aut\u00f3noma de Madrid, Spagna<\/p>\n<p>Werner Eck, Universit\u00e4t K\u00f6ln, Germania<\/p>\n<p>Jonathan Edmondson, York University, Toronto, Canada<\/p>\n<p>Ugo Fantasia, Universit\u00e0 di Parma<\/p>\n<p>Vincenzo Fera, Universit\u00e0 di Messina<\/p>\n<p>Franco Ferrari, Universit\u00e0 di Salerno<\/p>\n<p>Patrick Finglass, University of Nottingham, Regno Unito<\/p>\n<p>Carlo Franco, Liceo Classico \u00abFranchetti\u00bb, Venezia-Mestre<\/p>\n<p>Ferruccio Franco Repellini, Universit\u00e0 degli Studi di Milano<\/p>\n<p>Klaus Freitag, Rheinisch-Westf\u00e4lische Technische Hochschule Aachen, Germania<\/p>\n<p>Francesco Fronterotta, Sapienza Universit\u00e0 di Roma<\/p>\n<p>Lorenzo Gagliardi, Universit\u00e0 degli Studi di Milano<\/p>\n<p>Karl Galinsky, University of Texas, Austin, USA<\/p>\n<p>Giovanna Garbarino, Universit\u00e0 di Torino<\/p>\n<p>Alessandro Garcea, Universit\u00e9 Paris 4 Sorbonne, Francia<\/p>\n<p>Francisco Jos\u00e9 Garc\u00eda Fern\u00e1ndez, Universidad de Sevilla, Spagna<\/p>\n<p>Stefano Gasparri, Universit\u00e0 Ca' Foscari Venezia<\/p>\n<p>Valeria Gigante Lanzara, \u00abLa Parola del Passato. Rivista di Studi Antichi\u00bb, Napoli<\/p>\n<p>Joan G\u00f3mez Pallar\u00e8s, Universitat Aut\u00f2noma de Barcelona \/ Institut Catal\u00e0 d'Arqueologia Cl\u00e0ssica, Spagna<\/p>\n<p>Robert Hannah, University of Waikato, Nuova Zelanda<\/p>\n<p>Philip Hardie, University of Cambridge, Regno Unito<\/p>\n<p>Michel Humbert, Universit\u00e9 Paris 2 Panth\u00e9on-Assas, Francia<\/p>\n<p>Noreen Humble, University of Calgary, Canada<\/p>\n<p>Michel Humm, Universit\u00e9 de Strasbourg (UMR 7044), Francia<\/p>\n<p>Christopher P. Jones, Harvard University, Cambridge, Massachusetts, USA<\/p>\n<p>Corinne Jouanno, Universit\u00e9 de Caen, Francia<\/p>\n<p>Soazick Kerneis, Universit\u00e9 Paris Ouest Nanterre La D\u00e9fense, Francia<\/p>\n<p>Mario Labate, Universit\u00e0 di Firenze<\/p>\n<p>Giuseppe La Bua, Sapienza Universit\u00e0 di Roma<\/p>\n<p>Umberto Laffi, Universit\u00e0 di Pisa<\/p>\n<p>Nicola Laneri, Universit\u00e0 di Catania<\/p>\n<p>Alessandro Launaro, University of Cambridge, Regno Unito<\/p>\n<p>Luigi Lehnus, Universit\u00e0 degli Studi di Milano<\/p>\n<p>Matthew Leigh, St Anne's College, Oxford, Regno Unito<\/p>\n<p>Cesare Letta, Universit\u00e0 di Pisa<\/p>\n<p>Elio Lo Cascio, Sapienza Universit\u00e0 di Roma<\/p>\n<p>Ermanno Malaspina, Soci\u00e9t\u00e9 Internationale des Amis de Cic\u00e9ron<\/p>\n<p>Enrico Valdo Maltese, Universit\u00e0 di Torino<\/p>\n<p>Sandra Marchetti, Universit\u00e0 di Firenze<\/p>\n<p>Arnaldo Marcone, Universit\u00e0 Roma Tre<\/p>\n<p>Nicolas Mathieu, Universit\u00e9 Grenoble-Alpes, Francia<\/p>\n<p>Bernard-Gianfrancesco Mineo, Universit\u00e9 de Nantes (Bretagna), Francia<\/p>\n<p>Salvatore Monda, Universit\u00e0 del Molise<\/p>\n<p>Luca Mondin, Universit\u00e0 Ca' Foscari Venezia<\/p>\n<p>Fausto Montana, Universit\u00e0 di Pavia<\/p>\n<p>Franco Montanari, Universit\u00e0 di Genova<\/p>\n<p>Camillo Neri, \u00abAlma Mater Studiorum\u00bb Universit\u00e0 di Bologna<\/p>\n<p>Robert Parker, University of Oxford, Regno Unito<\/p>\n<p>Paschalis Paschidis, National Hellenic Research Foundation, Athens, Grecia<\/p>\n<p>Marina Passalacqua, Sapienza Universit\u00e0 di Roma<\/p>\n<p>Rene Pfeilschifter, Julius-Maximilians-Universit\u00e4t W\u00fcrzburg, Germania<\/p>\n<p>Rita Pierini, Universit\u00e0 di Firenze<\/p>\n<p>Francisco Pina Polo, Universidad de Zaragoza, Spagna<\/p>\n<p>Fran\u00e7ois de Polignac, \u00c9cole Pratique des Hautes \u00c9tudes, Francia<\/p>\n<p>Leandro Polverini, Universit\u00e0 Roma Tre<\/p>\n<p>Luisa Prandi, Universit\u00e0 di Verona<\/p>\n<p>Francesco Prontera, Universit\u00e0 di Perugia<\/p>\n<p>Alberto J. Quiroga Puertas, Universidad de Granada, Spagna<\/p>\n<p>F\u00e9lix Racine, McGill University, Montreal, Canada<\/p>\n<p>St\u00e9phane Ratti, Universit\u00e9 de Bourgogne Franche-Comt\u00e9, Besan\u00e7on, Francia<\/p>\n<p>Gary Reger, Trinity College, Hartford, Connecticut, USA<\/p>\n<p>Chiara Robbiano, Universiteit Utrecht, Paesi Bassi<\/p>\n<p>David Rohrbacher, New College of Florida, Sarasota, USA<\/p>\n<p>Matthew Roller, Johns Hopkins University, Baltimore, Maryland, USA<\/p>\n<p>Elisa Romano, Universit\u00e0 di Pavia<\/p>\n<p>Fabio Roscalla, Universit\u00e0 di Pavia<\/p>\n<p>Cristina Rosillo L\u00f3pez, Universidad Pablo de Olavide, Sevilla, Spagna<\/p>\n<p>Giovanni Salanitro, Universit\u00e0 di Catania<\/p>\n<p>Barbara Saylor Rodgers, University of Vermont, Burlington, USA<\/p>\n<p>Rowland Smith, Newcastle University, Regno Unito<\/p>\n<p>Luigi Spina, Universit\u00e0 di Napoli Federico II<\/p>\n<p>Marisa Squillante, Universit\u00e0 di Napoli Federico II<\/p>\n<p>Martin Steinr\u00fcck, Universit\u00e9 de Fribourg, Svizzera<\/p>\n<p>Richard Stoneman, University of Exeter, Regno Unito<\/p>\n<p>Ignazio Tantillo, Universit\u00e0 di Cassino e del Lazio Meridionale<\/p>\n<p>Patrick Thollard, Universit\u00e9 Paul-Val\u00e9ry Montpellier 3, Francia<\/p>\n<p>Christopher J. Tuplin, University of Liverpool, Regno Unito<\/p>\n<p>Mario Vegetti, Universit\u00e0 di Pavia<\/p>\n<p>Maria Veronese, Universit\u00e0 di Padova<\/p>\n<p>Frederik Vervaet, University of Melbourne, Australia<\/p>\n<p>Gregor Vogt-Spira, Philipps-Universit\u00e4t Marburg, Germania<\/p>\n<p>Christopher Whitton, University of Cambridge, Regno Unito<\/p>\n<p>Claudia Wick, Thesaurus linguae Latinae, M\u00fcnchen, Germania<\/p>\n<p>Etienne Wolff, Universit\u00e9 Paris Ouest Nanterre La D\u00e9fense, Francia<\/p>\n<p>Annibale Zambarbieri, Universit\u00e0 di Pavia<\/p>\n<p>Fausto Zevi, Accademia dei Lincei<\/p>\n<div id=\"outerContainer\">\n<div id=\"mainContainer\"><\/div>\n<\/div>\n<\/div>\n<\/div><\/div><\/div><\/div><\/div>","protected":false},"excerpt":{"rendered":"<p>Elenco dei revisori che hanno valutato gli articoli proposti ad \u00abAthenaeum\u00bb nel periodo 2014-2016 &nbsp; List of the reviewers of essays submitted to \u00abAthenaeum\u00bb in 2014-2016 &nbsp; Nel biennio compreso tra il maggio 2014 e l&#8217;aprile 2016 sono stati sottoposti alla rivista 94 articoli. Sono stati approvati per la stampa 43 articoli (pari al 45,7%&hellip;&nbsp;<a href=\"https:\/\/athenaeum.unipv.it\/index.php\/referee-2014-2016\/\" class=\"\" rel=\"bookmark\">Leggi tutto &raquo;<span class=\"screen-reader-text\">Elenco dei referee (2014-2016)<\/span><\/a><\/p>\n","protected":false},"author":1,"featured_media":0,"parent":0,"menu_order":0,"comment_status":"closed","ping_status":"closed","template":"","meta":{"neve_meta_sidebar":"full-width","neve_meta_container":"","neve_meta_enable_content_width":"on","neve_meta_content_width":100,"neve_meta_title_alignment":"","neve_meta_author_avatar":"","neve_post_elements_order":"","neve_meta_disable_header":"","neve_meta_disable_footer":"","neve_meta_disable_title":"","_themeisle_gutenberg_block_has_review":false,"_ti_tpc_template_sync":false,"_ti_tpc_template_id":""},"acf":[],"_links":{"self":[{"href":"https:\/\/athenaeum.unipv.it\/index.php\/wp-json\/wp\/v2\/pages\/746"}],"collection":[{"href":"https:\/\/athenaeum.unipv.it\/index.php\/wp-json\/wp\/v2\/pages"}],"about":[{"href":"https:\/\/athenaeum.unipv.it\/index.php\/wp-json\/wp\/v2\/types\/page"}],"author":[{"embeddable":true,"href":"https:\/\/athenaeum.unipv.it\/index.php\/wp-json\/wp\/v2\/users\/1"}],"replies":[{"embeddable":true,"href":"https:\/\/athenaeum.unipv.it\/index.php\/wp-json\/wp\/v2\/comments?post=746"}],"version-history":[{"count":3,"href":"https:\/\/athenaeum.unipv.it\/index.php\/wp-json\/wp\/v2\/pages\/746\/revisions"}],"predecessor-version":[{"id":2406,"href":"https:\/\/athenaeum.unipv.it\/index.php\/wp-json\/wp\/v2\/pages\/746\/revisions\/2406"}],"wp:attachment":[{"href":"https:\/\/athenaeum.unipv.it\/index.php\/wp-json\/wp\/v2\/media?parent=746"}],"curies":[{"name":"wp","href":"https:\/\/api.w.org\/{rel}","templated":true}]}}