{"id":749,"date":"2020-10-27T07:59:14","date_gmt":"2020-10-27T07:59:14","guid":{"rendered":"http:\/\/webnixinfotech.com\/?page_id=749"},"modified":"2023-06-14T20:14:12","modified_gmt":"2023-06-14T20:14:12","slug":"referee-2016-2018","status":"publish","type":"page","link":"https:\/\/athenaeum.unipv.it\/index.php\/referee-2016-2018\/","title":{"rendered":"Elenco dei referee (2016-2018)"},"content":{"rendered":"<div id=\"pl-749\"  class=\"panel-layout\" ><div id=\"pg-749-0\"  class=\"panel-grid panel-no-style\" ><div id=\"pgc-749-0-0\"  class=\"panel-grid-cell\" ><div id=\"panel-749-0-0-0\" class=\"so-panel widget widget_sow-editor panel-first-child panel-last-child\" data-index=\"0\" ><div\n\t\t\t\n\t\t\tclass=\"so-widget-sow-editor so-widget-sow-editor-base\"\n\t\t\t\n\t\t>\n<div class=\"siteorigin-widget-tinymce textwidget\">\n\t<div id=\"outerContainer\">\n<div id=\"sidebarContainer\">\n<div id=\"toolbarSidebar\">\n<h3 class=\"thumbnail selected\" style=\"text-align: center;\" data-page-number=\"1\"><strong>Elenco dei revisori <\/strong><\/h3>\n<h3 class=\"thumbnail selected\" style=\"text-align: center;\" data-page-number=\"1\"><strong>che hanno valutato gli articoli proposti ad \u00abAthenaeum\u00bb <\/strong><\/h3>\n<h3 class=\"thumbnail selected\" style=\"text-align: center;\" data-page-number=\"1\"><strong>nel periodo 2016-2018<\/strong><\/h3>\n<p>&nbsp;<\/p>\n<p>&nbsp;<\/p>\n<\/div>\n<h3 style=\"text-align: center;\"><strong>List of the reviewers<\/strong><\/h3>\n<h3 style=\"text-align: center;\"><strong>of essays submitted to \u00abAthenaeum\u00bb<\/strong><\/h3>\n<h3 style=\"text-align: center;\"><strong>in 2016-2018<\/strong><\/h3>\n<p>&nbsp;<\/p>\n<div id=\"toolbarSidebar\">\n<div data-page-number=\"1\"><\/div>\n<div class=\"thumbnail selected\" data-page-number=\"1\"><em>Nel biennio compreso tra il maggio 2016 e l'aprile 2018 sono stati sottoposti alla rivista <strong>89<\/strong> articoli.<\/em><\/div>\n<div class=\"thumbnail selected\" data-page-number=\"1\"><em>Sono stati approvati per la stampa <strong>36<\/strong> articoli (pari al <strong>40,4%<\/strong> del totale).<\/em><\/div>\n<div class=\"thumbnail selected\" data-page-number=\"1\"><em>Sono stati respinti o ritirati <strong>45<\/strong> articoli (pari al <strong>50,6%<\/strong> del totale).<\/em><\/div>\n<div class=\"thumbnail selected\" data-page-number=\"1\"><em>Per <strong>8<\/strong> articoli \u00e8 ancora in corso la procedura di valutazione.<\/em><\/div>\n<\/div>\n<div data-page-number=\"1\">\n<h3 style=\"text-align: center;\"><\/h3>\n<p>&nbsp;<\/p>\n<div id=\"toolbarSidebar\">\n<div data-page-number=\"1\"><\/div>\n<\/div>\n<\/div>\n<\/div>\n<\/div>\n<div data-page-number=\"1\"><\/div>\n<div id=\"outerContainer\">\n<div id=\"sidebarContainer\">\n<div data-page-number=\"1\">\n<p><em>In the two years from May 2016 to April 2018, <strong>89<\/strong> items were submitted to the journal.<br \/>\n<\/em><em><strong>36<\/strong> items (<strong>40.4%<\/strong> of the total) were approved.<br \/>\n<\/em><em><strong>45<\/strong> items were rejected or withdrawn (<strong>50.6%<\/strong> of the total).<br \/>\n<\/em><em>The peer-review process is still ongoing for <strong>8<\/strong> items.<\/em><\/p>\n<\/div>\n<div id=\"toolbarSidebar\">\n<div data-page-number=\"1\"><\/div>\n<p>&nbsp;<\/p>\n<div class=\"thumbnail selected\" data-page-number=\"1\">Giancarlo Abbamonte, Universit\u00e0 di Napoli Federico II<\/div>\n<div data-page-number=\"1\"><\/div>\n<div class=\"thumbnail selected\" data-page-number=\"1\">Jean Andreau, \u00c9cole des Hautes \u00c9tudes en Sciences Sociales, Paris, Francia<\/div>\n<div data-page-number=\"1\"><\/div>\n<div class=\"thumbnail selected\" data-page-number=\"1\">Valentina Arena, University College London, Regno Unito<\/div>\n<div data-page-number=\"1\"><\/div>\n<div class=\"thumbnail selected\" data-page-number=\"1\">Mireille Armisen-Marchetti, Universit\u00e9 de Toulouse II - Jean Jaur\u00e8s, Francia<\/div>\n<div data-page-number=\"1\"><\/div>\n<div class=\"thumbnail selected\" data-page-number=\"1\">Paolo Barresi, Universit\u00e0 di Enna \u00abKore\u00bb<\/div>\n<div data-page-number=\"1\"><\/div>\n<div class=\"thumbnail selected\" data-page-number=\"1\">Luigi Battezzato, Universit\u00e0 del Piemonte Orientale<\/div>\n<div data-page-number=\"1\"><\/div>\n<div class=\"thumbnail selected\" data-page-number=\"1\">Cinzia Bearzot, Universit\u00e0 Cattolica del Sacro Cuore, Milano<\/div>\n<div data-page-number=\"1\"><\/div>\n<div class=\"thumbnail selected\" data-page-number=\"1\">Francesca Romana Berno, Sapienza Universit\u00e0 di Roma<\/div>\n<div data-page-number=\"1\"><\/div>\n<div class=\"thumbnail selected\" data-page-number=\"1\">Luca Bettarini, Sapienza Universit\u00e0 di Roma<\/div>\n<div data-page-number=\"1\"><\/div>\n<div class=\"thumbnail selected\" data-page-number=\"1\">Giorgio Bonamente, Universit\u00e0 di Perugia<\/div>\n<div data-page-number=\"1\"><\/div>\n<div class=\"thumbnail selected\" data-page-number=\"1\">Hugh Bowden, King's College, London, Regno Unito<\/div>\n<div data-page-number=\"1\"><\/div>\n<div class=\"thumbnail selected\" data-page-number=\"1\">Pierre Briant, Coll\u00e8ge de France<\/div>\n<div data-page-number=\"1\"><\/div>\n<div class=\"thumbnail selected\" data-page-number=\"1\">Kai Brodersen, Universit\u00e4t Erfurt, Germania<\/div>\n<div data-page-number=\"1\"><\/div>\n<div class=\"thumbnail selected\" data-page-number=\"1\">Stephanie Lynn Budin, studiosa indipendente, Collingswood, New Jersey, USA<\/div>\n<div data-page-number=\"1\"><\/div>\n<div class=\"thumbnail selected\" data-page-number=\"1\">Glenn Richard Bugh, Virginia Tech, USA<\/div>\n<div data-page-number=\"1\"><\/div>\n<div class=\"thumbnail selected\" data-page-number=\"1\">R.W. Burgess, University of Ottawa, Canada<\/div>\n<div data-page-number=\"1\"><\/div>\n<div class=\"thumbnail selected\" data-page-number=\"1\">Francis Cairns, Florida State University, Tallahassee, Florida, USA<\/div>\n<div data-page-number=\"1\"><\/div>\n<div class=\"thumbnail selected\" data-page-number=\"1\">Camilla Campedelli, Universit\u00e4t zu K\u00f6ln, Germania<\/div>\n<div data-page-number=\"1\"><\/div>\n<div class=\"thumbnail selected\" data-page-number=\"1\">Alberto Canobbio, Universit\u00e0 di Pavia<\/div>\n<div data-page-number=\"1\"><\/div>\n<div class=\"thumbnail selected\" data-page-number=\"1\">Michel Christol, Universit\u00e9 Paris 1 Panth\u00e9on-Sorbonne \/ ANHIMA, Francia<\/div>\n<div data-page-number=\"1\"><\/div>\n<div class=\"thumbnail selected\" data-page-number=\"1\">Federica Ciccolella, Texas A&amp;M University, College Station, USA<\/div>\n<div data-page-number=\"1\"><\/div>\n<div class=\"thumbnail selected\" data-page-number=\"1\">Mario Citroni, Scuola Normale Superiore, Pisa<\/div>\n<div data-page-number=\"1\"><\/div>\n<div class=\"thumbnail selected\" data-page-number=\"1\">Carlo Consani, Universit\u00e0 di Chieti-Pescara<\/div>\n<div data-page-number=\"1\"><\/div>\n<div class=\"thumbnail selected\" data-page-number=\"1\">Aldo Corcella, Universit\u00e0 della Basilicata, Potenza<\/div>\n<div data-page-number=\"1\"><\/div>\n<div class=\"thumbnail selected\" data-page-number=\"1\">Simon Corcoran, Newcastle University, Regno Unito<\/div>\n<div data-page-number=\"1\"><\/div>\n<div class=\"thumbnail selected\" data-page-number=\"1\">Timothy J. Cornell, University of Manchester, Regno Unito<\/div>\n<div data-page-number=\"1\"><\/div>\n<div class=\"thumbnail selected\" data-page-number=\"1\">Jason Crowley, Manchester Metropolitan University, Regno Unito<\/div>\n<div data-page-number=\"1\"><\/div>\n<div class=\"thumbnail selected\" data-page-number=\"1\">Edward D\u0105browa, Jagiellonian University in Krak\u00f3w, Polonia<\/div>\n<div data-page-number=\"1\"><\/div>\n<div class=\"thumbnail selected\" data-page-number=\"1\">Nicol\u00f2 D'Alconzo, University of Exeter, Regno Unito<\/div>\n<div data-page-number=\"1\"><\/div>\n<div class=\"thumbnail selected\" data-page-number=\"1\">Lavinio Del Monaco, Sapienza Universit\u00e0 di Roma<\/div>\n<div data-page-number=\"1\"><\/div>\n<div class=\"thumbnail selected\" data-page-number=\"1\">Maria Luisa Delvigo, Universit\u00e0 di Udine<\/div>\n<div data-page-number=\"1\"><\/div>\n<div class=\"thumbnail selected\" data-page-number=\"1\">Borja D\u00edaz Ari\u00f1o, Universidad de Zaragoza, Spagna<\/div>\n<div data-page-number=\"1\"><\/div>\n<div class=\"thumbnail selected\" data-page-number=\"1\">Giovanna Di Giacomo, Universit\u00e0 di Macerata<\/div>\n<div data-page-number=\"1\"><\/div>\n<div class=\"thumbnail selected\" data-page-number=\"1\">\n<p>Paolo Di Giovine, Sapienza Universit\u00e0 di Roma<\/p>\n<div data-page-number=\"1\"><\/div>\n<div class=\"thumbnail selected\" data-page-number=\"1\">\n<p>Lucietta Di Paola, Universit\u00e0 di Messina<\/p>\n<div data-page-number=\"1\"><\/div>\n<div class=\"thumbnail selected\" data-page-number=\"1\">\n<p>Angela Donati, \u00abAlma Mater Studiorum\u00bb Universit\u00e0 di Bologna<\/p>\n<div data-page-number=\"1\"><\/div>\n<div class=\"thumbnail selected\" data-page-number=\"1\">\n<p>Werner Eck, Universit\u00e4t zu K\u00f6ln, Germania<\/p>\n<div data-page-number=\"1\"><\/div>\n<div class=\"thumbnail selected\" data-page-number=\"1\">\n<p>Jean-Yves Empereur, Centre d'\u00c9tudes Alexandrines, Alexandrie, Egitto<\/p>\n<div class=\"thumbnail selected\" data-page-number=\"1\">\n<p>David Engels, Universit\u00e9 Libre de Bruxelles, Belgio<\/p>\n<div class=\"thumbnail selected\" data-page-number=\"1\">\n<p>Mar\u00eda Jos\u00e9 Estar\u00e1n, University of Nottingham \/ University of Oxford, Regno Unito<\/p>\n<div class=\"thumbnail selected\" data-page-number=\"1\">\n<p>Marco Fernandelli, Universit\u00e0 di Trieste<\/p>\n<div class=\"thumbnail selected\" data-page-number=\"1\">\n<p>Claudia N. Fern\u00e1ndez, Universidad Nacional de La Plata \/ CONICET, Argentina<\/p>\n<div class=\"thumbnail selected\" data-page-number=\"1\">\n<p>Tristano Gargiulo, Universit\u00e0 di Cagliari<\/p>\n<div class=\"thumbnail selected\" data-page-number=\"1\">\n<p>Charles Gu\u00e9rin, Universit\u00e9 Paris-Est Cr\u00e9teil Val de Marne, Francia<\/p>\n<div class=\"thumbnail selected\" data-page-number=\"1\">\n<p>Edward Harris, Durham University \/ Edinburgh University, Regno Unito<\/p>\n<div class=\"thumbnail selected\" data-page-number=\"1\">\n<p>Stephen Harrison, University of Oxford, Regno Unito<\/p>\n<div class=\"thumbnail selected\" data-page-number=\"1\">\n<p>Alfred. M. Hirt, University of Liverpool, Regno Unito<\/p>\n<div class=\"thumbnail selected\" data-page-number=\"1\">\n<p>Michel Humbert, Universit\u00e9 Paris 2 Panth\u00e9on-Assas, Francia<\/p>\n<div class=\"thumbnail selected\" data-page-number=\"1\">\n<p>Juan Carlos Iglesias-Zoido, Universidad de Extremadura, Spagna<\/p>\n<div class=\"thumbnail selected\" data-page-number=\"1\">\n<p>Maria Intrieri, Universit\u00e0 della Calabria, Arcavacata di Rende<\/p>\n<p>Luciana Jacobelli, Universit\u00e0 del Molise, Campobasso<\/p>\n<p>Carlos Jord\u00e1n C\u00f3lera, Universidad de Zaragoza, Spagna<\/p>\n<p>Wolfgang Kaiser, Albert-Ludwigs-Universit\u00e4t Freiburg, Germania<\/p>\n<p>Umberto Laffi, Accademia Nazionale dei Lincei<\/p>\n<p>Paola Lambrini, Universit\u00e0 di Padova<\/p>\n<p>Brigitte Le Guen, Universit\u00e9 Paris 8 Vincennes - Saint-Denis, Francia<\/p>\n<p>Noel Lenski, Yale University, New Haven, Connecticut, USA<\/p>\n<p>Mario Lentano, Universit\u00e0 di Siena<\/p>\n<p>Cesare Letta, Universit\u00e0 di Pisa<\/p>\n<p>Hugh Lindsay, University of Newcastle, Australia<\/p>\n<p>Marco Maiuro, Sapienza Universit\u00e0 di Roma \/ Columbia University, New York, USA<\/p>\n<p>Ermanno Malaspina, Soci\u00e9t\u00e9 Internationale des Amis de Cic\u00e9ron<\/p>\n<p>Christian Mann, Universit\u00e4t Mannheim, Germania<\/p>\n<p>Ilaria Marchesi, Hofstra University, New York, USA<\/p>\n<p>Giuseppe Mastromarco, Universit\u00e0 di Bari<\/p>\n<p>Christine Mauduit, \u00c9cole Normale Sup\u00e9rieure, Paris, Francia<\/p>\n<p>Michael Meckler, Ohio State University, Columbus, USA<\/p>\n<p>Elena Merli, Universit\u00e0 dell'Aquila<\/p>\n<p>Fred S. Naiden, University of North Carolina, Chapel Hill, USA<\/p>\n<p>Simonetta Nannini, \u00abAlma Mater Studiorum\u00bb Universit\u00e0 di Bologna<\/p>\n<p>Johannes Noll\u00e9, Kommission f\u00fcr Alte Geschichte und Epigraphik des DAI, M\u00fcnchen, Germania<\/p>\n<p>Lorenzo Nosarti, Universit\u00e0 di Padova<\/p>\n<p>Stephen Oakley, Emmanuel College, Cambridge, Regno Unito<\/p>\n<p>S. Douglas Olson, University of Minnesota, Minneapolis, USA<\/p>\n<p>Estelle Oudot, Universit\u00e9 de Bourgogne, Dijon, Francia<\/p>\n<p>William M. Owens, Ohio University, Athens, USA<\/p>\n<p>Massimiliano Papini, Sapienza Universit\u00e0 di Roma<\/p>\n<p>Giovanni Parmeggiani, Universit\u00e0 di Ferrara \/ Universit\u00e0 di Trieste<\/p>\n<p>Luigi Pellecchi, Universit\u00e0 di Pavia \/ ERC Project REDHIS<\/p>\n<p>Giorgio Piras, Sapienza Universit\u00e0 di Roma<\/p>\n<p>Eleonora Pischedda, Universit\u00e0 di Siena<\/p>\n<p>Paolo Poccetti, Universit\u00e0 di Roma Tor Vergata<\/p>\n<p>Pierfrancesco Porena, Universit\u00e0 Roma Tre<\/p>\n<p>Anton Powell, The Classical Press of Wales, Swansea, Regno Unito<\/p>\n<p>Francesco Prontera, Universit\u00e0 di Perugia<\/p>\n<p>Christoph Riedweg, Universit\u00e4t Z\u00fcrich, Svizzera<\/p>\n<p>Guido Rosada, Universit\u00e0 di Padova<\/p>\n<p>Ian Rutherford, University of Reading, Regno Unito<\/p>\n<p>Giovanni Salanitro, Universit\u00e0 di Catania<\/p>\n<p>Pierre S\u00e1nchez, Universit\u00e9 de Gen\u00e8ve, Svizzera<\/p>\n<p>Celia S\u00e1nchez Natal\u00edas, Universidad de Zaragoza, Spagna<\/p>\n<p>Barbara Saylor Rodgers, University of Vermont, Burlington, USA<\/p>\n<p>John Scheid, Coll\u00e8ge de France<\/p>\n<p>Ruth Scodel, University of Michigan, Ann Arbor, USA<\/p>\n<p>Rita Scuderi, Universit\u00e0 di Pavia<\/p>\n<p>Aldo Setaioli, Universit\u00e0 di Perugia<\/p>\n<p>Simone Sisani, Universit\u00e0 di Macerata<\/p>\n<p>Fabrizio Slavazzi, Universit\u00e0 degli Studi di Milano<\/p>\n<p>Alan H. Sommerstein, University of Nottingham, Regno Unito<\/p>\n<p>Luigi Spina, Centro Antropologia e Mondo Antico, Universit\u00e0 di Siena<\/p>\n<p>Roland Steinacher, Universit\u00e4t Wien, Austria<\/p>\n<p>Emilio Su\u00e1rez de la Torre, Universitat Pompeu Fabra, Barcelona, Spagna<\/p>\n<p>Davide Susanetti, Universit\u00e0 di Padova<\/p>\n<p>Arnaud Susp\u00e8ne, Universit\u00e9 d'Orl\u00e9ans \/ CNRS, Francia<\/p>\n<p>Gerhard Th\u00fcr, \u00d6sterreichische Akademie der Wissenschaften, Wien, Austria<\/p>\n<p>Andrei Timotin, Acad\u00e9mie Roumaine (IESEE), Bucarest, Romania<\/p>\n<p>J\u00fcrgen von Ungern-Sternberg, Universit\u00e4t Basel, Svizzera<\/p>\n<p>Johan van Heesch, KU Leuven, Belgio<\/p>\n<p>Domenico Vera, Universit\u00e0 di Parma<\/p>\n<p>Annie Vigourt, Sorbonne Universit\u00e9, Paris, Francia<\/p>\n<p>Andrew Wallace-Hadrill, University of Cambridge, Regno Unito<\/p>\n<p>Richard Westall, The Catholic University of America, Roma<\/p>\n<p>Giuseppe Zecchini, Universit\u00e0 Cattolica del Sacro Cuore, Milano<\/p>\n<div id=\"outerContainer\">\n<div id=\"mainContainer\"><\/div>\n<\/div>\n<\/div>\n<\/div>\n<\/div>\n<\/div>\n<\/div>\n<\/div>\n<\/div>\n<\/div>\n<\/div>\n<\/div>\n<\/div>\n<\/div>\n<\/div>\n<\/div>\n<\/div>\n<\/div>\n<\/div>\n<\/div>\n<\/div>\n<\/div>\n<\/div>\n<\/div><\/div><\/div><\/div><\/div>","protected":false},"excerpt":{"rendered":"<p>Elenco dei revisori che hanno valutato gli articoli proposti ad \u00abAthenaeum\u00bb nel periodo 2016-2018 &nbsp; &nbsp; List of the reviewers of essays submitted to \u00abAthenaeum\u00bb in 2016-2018 &nbsp; Nel biennio compreso tra il maggio 2016 e l&#8217;aprile 2018 sono stati sottoposti alla rivista 89 articoli. Sono stati approvati per la stampa 36 articoli (pari al&hellip;&nbsp;<a href=\"https:\/\/athenaeum.unipv.it\/index.php\/referee-2016-2018\/\" class=\"\" rel=\"bookmark\">Leggi tutto &raquo;<span class=\"screen-reader-text\">Elenco dei referee (2016-2018)<\/span><\/a><\/p>\n","protected":false},"author":1,"featured_media":0,"parent":0,"menu_order":0,"comment_status":"closed","ping_status":"closed","template":"","meta":{"neve_meta_sidebar":"full-width","neve_meta_container":"","neve_meta_enable_content_width":"on","neve_meta_content_width":100,"neve_meta_title_alignment":"","neve_meta_author_avatar":"","neve_post_elements_order":"","neve_meta_disable_header":"","neve_meta_disable_footer":"","neve_meta_disable_title":"","_themeisle_gutenberg_block_has_review":false,"_ti_tpc_template_sync":false,"_ti_tpc_template_id":""},"acf":[],"_links":{"self":[{"href":"https:\/\/athenaeum.unipv.it\/index.php\/wp-json\/wp\/v2\/pages\/749"}],"collection":[{"href":"https:\/\/athenaeum.unipv.it\/index.php\/wp-json\/wp\/v2\/pages"}],"about":[{"href":"https:\/\/athenaeum.unipv.it\/index.php\/wp-json\/wp\/v2\/types\/page"}],"author":[{"embeddable":true,"href":"https:\/\/athenaeum.unipv.it\/index.php\/wp-json\/wp\/v2\/users\/1"}],"replies":[{"embeddable":true,"href":"https:\/\/athenaeum.unipv.it\/index.php\/wp-json\/wp\/v2\/comments?post=749"}],"version-history":[{"count":10,"href":"https:\/\/athenaeum.unipv.it\/index.php\/wp-json\/wp\/v2\/pages\/749\/revisions"}],"predecessor-version":[{"id":2412,"href":"https:\/\/athenaeum.unipv.it\/index.php\/wp-json\/wp\/v2\/pages\/749\/revisions\/2412"}],"wp:attachment":[{"href":"https:\/\/athenaeum.unipv.it\/index.php\/wp-json\/wp\/v2\/media?parent=749"}],"curies":[{"name":"wp","href":"https:\/\/api.w.org\/{rel}","templated":true}]}}