{"id":965,"date":"2021-04-28T04:37:57","date_gmt":"2021-04-28T04:37:57","guid":{"rendered":"https:\/\/athenaeum.unipv.it\/?page_id=965"},"modified":"2021-05-06T16:59:33","modified_gmt":"2021-05-06T16:59:33","slug":"ath46-1962","status":"publish","type":"page","link":"https:\/\/athenaeum.unipv.it\/index.php\/ath46-1962\/","title":{"rendered":"ATH46-1962"},"content":{"rendered":"<div id=\"pl-965\"  class=\"panel-layout\" ><div id=\"pg-965-0\"  class=\"panel-grid panel-no-style\" ><div id=\"pgc-965-0-0\"  class=\"panel-grid-cell\" ><div id=\"panel-965-0-0-0\" class=\"so-panel widget widget_sow-editor panel-first-child panel-last-child\" data-index=\"0\" ><div id=\"none-break\" class=\"panel-widget-style panel-widget-style-for-965-0-0-0\" ><div\n\t\t\t\n\t\t\tclass=\"so-widget-sow-editor so-widget-sow-editor-base\"\n\t\t\t\n\t\t>\n<div class=\"siteorigin-widget-tinymce textwidget\">\n\t<p style=\"text-align: center;\"><strong>Indice generale di athenaeum 50 (1962)<\/strong><\/p>\n<p>&nbsp;<\/p>\n<h3 style=\"margin-left: 18.0pt; text-indent: -18.0pt;\"><span style=\"font-size: 12.0pt;\"><a name=\"art1\"><\/a>Articoli<\/span><\/h3>\n<p class=\"MsoNormal\" style=\"mso-margin-top-alt: auto; mso-margin-bottom-alt: auto; margin-left: 14.2pt; text-indent: -14.2pt; tab-stops: right 601.5pt;\"><span style=\"font-size: 12.0pt; font-family: 'Times New Roman';\">M. AMIT, <i>The Sailors of<br \/>\nthe Athenian Fleet<\/i><\/span><\/p>\n<p class=\"MsoNormal\" style=\"mso-margin-top-alt: auto; mso-margin-bottom-alt: auto; margin-left: 14.2pt; text-align: justify; text-indent: -14.2pt;\"><span style=\"font-size: 12.0pt; font-family: 'Times New Roman';\">E. BADIAN, <i>The Tribe of<br \/>\nthe<\/i> Curiones<\/span><\/p>\n<p class=\"MsoNormal\" style=\"mso-margin-top-alt: auto; mso-margin-bottom-alt: auto; margin-left: 14.2pt; text-align: justify; text-indent: -14.2pt;\"><span style=\"font-size: 12.0pt; font-family: 'Times New Roman';\">D. DEL CORNO, <i>La<br \/>\nlingua di Ctesia (POx. 2330)<\/i><\/span><\/p>\n<p class=\"MsoNormal\" style=\"mso-margin-top-alt: auto; mso-margin-bottom-alt: auto; margin-left: 14.2pt; text-align: justify; text-indent: -14.2pt;\"><span style=\"font-size: 12.0pt; font-family: 'Times New Roman';\">P. FRASSINETTI, <i>Su<br \/>\nalcuni frammenti delle<\/i> Historiae<i> di Sallustio<\/i><\/span><\/p>\n<p class=\"MsoNormal\" style=\"mso-margin-top-alt: auto; mso-margin-bottom-alt: auto; margin-left: 14.2pt; text-align: justify; text-indent: -14.2pt;\"><span style=\"font-size: 12.0pt; font-family: 'Times New Roman';\">A. FUKS, <i>The Spartan Citizen\u2011body<br \/>\nin Mid\u2011third Century B. C. and its Enlargement proposed by Agis IV<\/i><\/span><\/p>\n<p class=\"MsoNormal\" style=\"mso-margin-top-alt: auto; mso-margin-bottom-alt: auto; margin-left: 14.2pt; text-align: justify; text-indent: -14.2pt;\"><span style=\"font-size: 12.0pt; font-family: 'Times New Roman';\">C. KUMANIECKI, <i>Cicerone<br \/>\ne Varrone, Storia di una conoscenza<\/i><\/span><\/p>\n<p class=\"MsoNormal\" style=\"mso-margin-top-alt: auto; mso-margin-bottom-alt: auto; margin-left: 14.2pt; text-align: justify; text-indent: -14.2pt;\"><span style=\"font-size: 12.0pt; font-family: 'Times New Roman';\">A. LA PENNA, <i>Il<br \/>\nRomanzo di Esopo<\/i><\/span><\/p>\n<p class=\"MsoNormal\" style=\"mso-margin-top-alt: auto; mso-margin-bottom-alt: auto; margin-left: 14.2pt; text-align: justify; text-indent: -14.2pt;\"><span style=\"font-size: 12.0pt; font-family: 'Times New Roman';\">E. MANNI, <i>Note di<br \/>\ncronologia ellenistica, X: Nuovi contributi alla cronologia attica del IV e del<br \/>\nIII sec. a.C.<\/i><\/span><\/p>\n<p class=\"MsoNormal\" style=\"mso-margin-top-alt: auto; mso-margin-bottom-alt: auto; margin-left: 14.2pt; text-align: justify; text-indent: -14.2pt;\"><span style=\"font-size: 12.0pt; font-family: 'Times New Roman';\">G. MAZZOLI, <i>Maximus<br \/>\nPoetarum<\/i><\/span><\/p>\n<p class=\"MsoNormal\" style=\"mso-margin-top-alt: auto; mso-margin-bottom-alt: auto; margin-left: 14.2pt; text-align: justify; text-indent: -14.2pt;\"><span style=\"font-size: 12.0pt; font-family: 'Times New Roman';\">G. MAZZOLI, <i>Seneca,<br \/>\nDe Ira II 15, 5<\/i><\/span><\/p>\n<p class=\"MsoNormal\" style=\"mso-margin-top-alt: auto; mso-margin-bottom-alt: auto; margin-left: 14.2pt; text-align: justify; text-indent: -14.2pt;\"><span style=\"font-size: 12.0pt; font-family: 'Times New Roman';\">C. MEIER, <i>Pompeius<br \/>\nR\u00fcckkehr aus dem Mithridatischen Kriege und die Catilinarische Verschw\u00f6rung<\/i><\/span><\/p>\n<p class=\"MsoNormal\" style=\"mso-margin-top-alt: auto; mso-margin-bottom-alt: auto; margin-left: 14.2pt; text-align: justify; text-indent: -14.2pt;\"><span style=\"font-size: 12.0pt; font-family: 'Times New Roman';\">M. PAVAN, <i>Iscrizioni<br \/>\nlatine ad Albano Laziale<\/i><\/span><\/p>\n<p class=\"MsoNormal\" style=\"mso-margin-top-alt: auto; mso-margin-bottom-alt: auto; margin-left: 14.2pt; text-align: justify; text-indent: -14.2pt;\"><span style=\"font-size: 12.0pt; font-family: 'Times New Roman';\">R. STEFANINI, <i>Studi<br \/>\nittiti<\/i><\/span><\/p>\n<p class=\"MsoNormal\" style=\"mso-margin-top-alt: auto; mso-margin-bottom-alt: auto; margin-left: 14.2pt; text-align: justify; text-indent: -14.2pt;\"><span style=\"font-size: 12.0pt; font-family: 'Times New Roman';\">G.V. SUMNER, <i>Aspects<br \/>\nof the History of the<\/i> comitia centuriata <i>in the Middle and Late Republic<\/i><\/span><\/p>\n<p class=\"MsoNormal\" style=\"mso-margin-top-alt: auto; mso-margin-bottom-alt: auto; margin-left: 14.2pt; text-align: justify; text-indent: -14.2pt;\"><span style=\"font-size: 12.0pt; font-family: 'Times New Roman';\">A. TRAINA, <i>Note<br \/>\nPlautine, I:<\/i> parumloquium <i>e<\/i> pauciloquium <i>(Plaut. Merc. 31)<\/i><\/span><\/p>\n<p class=\"MsoNormal\" style=\"mso-margin-top-alt: auto; mso-margin-bottom-alt: auto; margin-left: 14.2pt; text-align: justify; text-indent: -14.2pt;\"><span style=\"font-size: 12.0pt; font-family: 'Times New Roman';\">Z. YAVETZ, <i>The Policy<br \/>\nof C. Flaminius and the<\/i> Plebiscitum Claudianum. <i>A Reconsideration<\/i><\/span><\/p>\n<p class=\"MsoNormal\" style=\"mso-margin-top-alt: auto; mso-margin-bottom-alt: auto; margin-left: 14.2pt; text-indent: -14.2pt;\"><span style=\"font-size: 12.0pt; font-family: 'Times New Roman';\">\u00a0<\/span><\/p>\n<h3 style=\"margin-left: 18.0pt; text-indent: -18.0pt;\"><span style=\"font-size: 12.0pt;\"><a name=\"art1\"><\/a>Note e discussioni<\/span><\/h3>\n<p class=\"MsoNormal\" style=\"mso-margin-top-alt: auto; mso-margin-bottom-alt: auto; margin-left: 14.2pt; text-align: justify; text-indent: -14.2pt;\"><span style=\"font-size: 12.0pt; font-family: 'Times New Roman';\">P. FRASSINETTI, <i>Le<br \/>\ndate dell'<\/i>Octavius <i>e la tecnica di Afranio<\/i> <\/span><\/p>\n<p class=\"MsoNormal\" style=\"mso-margin-top-alt: auto; mso-margin-bottom-alt: auto; margin-left: 14.2pt; text-align: justify; text-indent: -14.2pt;\"><span style=\"font-size: 12.0pt; font-family: 'Times New Roman';\">E. MALCOVATI, <i>Rileggendo<br \/>\nMuseo<\/i><\/span><\/p>\n<p class=\"MsoNormal\" style=\"mso-margin-top-alt: auto; mso-margin-bottom-alt: auto; margin-left: 14.2pt; text-align: justify; text-indent: -14.2pt;\"><span style=\"font-size: 12.0pt; font-family: 'Times New Roman';\">L. RUGGINI, <i>Fonti,<br \/>\nproblemi e studi sull' et\u00e0 di Galla Placidia<\/i><\/span><\/p>\n<p class=\"MsoNormal\" style=\"mso-margin-top-alt: auto; mso-margin-bottom-alt: auto; margin-left: 14.2pt; text-indent: -14.2pt; tab-stops: right 33.85pt;\"><span style=\"font-size: 12.0pt; font-family: 'Times New Roman';\">\u00a0<\/span><\/p>\n<h3 style=\"margin-left: 18.0pt; text-indent: -18.0pt;\"><span style=\"font-size: 12.0pt;\"><a name=\"art1\"><\/a>Recensioni<\/span><\/h3>\n<p class=\"MsoNormal\" style=\"mso-margin-top-alt: auto; mso-margin-bottom-alt: auto; margin-left: 14.2pt; text-align: justify; text-indent: -14.2pt;\"><span style=\"font-size: 12.0pt; font-family: 'Times New Roman';\">F. GIANCOTTI, <i>L'ottimismo<br \/>\nrelativo<\/i> <i>del<\/i> De rerum natura<i> di Lucrezio<\/i> (V.E. Alfieri)<\/span><\/p>\n<p class=\"MsoNormal\" style=\"mso-margin-top-alt: auto; mso-margin-bottom-alt: auto; margin-left: 14.2pt; text-indent: -14.2pt; tab-stops: 17.9pt right 258.75pt;\"><span style=\"font-size: 12.0pt; font-family: 'Times New Roman';\">E. BRAUN, <i>Aristoteles<br \/>\n\u00fcber B\u00fcrger\u2011 und Menschentugend. Zu Politica III 4 und 5<\/i> (G.<span style=\"mso-tab-count: 1;\">\u00a0\u00a0\u00a0 <\/span>Arrighetti)<\/span><\/p>\n<p class=\"MsoNormal\" style=\"mso-margin-top-alt: auto; mso-margin-bottom-alt: auto; margin-left: 14.2pt; text-align: justify; text-indent: -14.2pt;\"><span style=\"font-size: 12.0pt; font-family: 'Times New Roman';\">HELIODORI <i>ut dicitur<br \/>\nin Pauli Alexandrini commentarium<\/i>,<i> <\/i>ed. Ae. BOER (A. Barigazzi)<\/span><\/p>\n<p class=\"MsoNormal\" style=\"mso-margin-top-alt: auto; mso-margin-bottom-alt: auto; margin-left: 14.2pt; text-align: justify; text-indent: -14.2pt;\"><span style=\"font-size: 12.0pt; font-family: 'Times New Roman';\">PTOLEMAEUS, <i>III. 2<\/i><br \/>\n<\/span><span style=\"font-size: 12.0pt; font-family: Sgreek; mso-bidi-font-family: Sgreek;\">PERI KRITHRIOU KAI HGEMONIKOU<\/span><span style=\"font-size: 12.0pt; font-family: 'Times New Roman';\">, ed. Fr. LAMMAERT (A. Barigazzi)<\/span><\/p>\n<p class=\"MsoNormal\" style=\"mso-margin-top-alt: auto; mso-margin-bottom-alt: auto; margin-left: 14.2pt; text-align: justify; text-indent: -14.2pt;\"><span style=\"font-size: 12.0pt; font-family: 'Times New Roman';\">PSEUDO\u2011PTOLEMAEI <\/span><span style=\"font-size: 12.0pt; font-family: Sgreek; mso-bidi-font-family: Sgreek;\">Karpo\/<\/span><span style=\"font-size: 12.0pt; font-family: 'Times New Roman';\">\u03c2, ed. Ae. BOER (A.<br \/>\nBarigazzi)<\/span><\/p>\n<p class=\"MsoNormal\" style=\"mso-margin-top-alt: auto; mso-margin-bottom-alt: auto; margin-left: 14.2pt; text-align: justify; text-indent: -14.2pt;\"><span style=\"font-size: 12.0pt; font-family: 'Times New Roman';\">R. FR\u00c4NKEL, <i>Dichtung<br \/>\nund Philosophie des fr\u00fchen Grie\u00adchentums <\/i><\/span><\/p>\n<p class=\"MsoNormal\" style=\"mso-margin-top-alt: auto; mso-margin-bottom-alt: auto; margin-left: 14.2pt; text-align: justify; text-indent: -14.2pt;\"><span style=\"font-size: 12.0pt; font-family: 'Times New Roman';\">PLATON, <i>Las Leyes<\/i>,<i><br \/>\n<\/i>ed. J.M. PABON y M. FER\u00adNANDEZ\u2011GALIANO (A. Barigazzi)<\/span><\/p>\n<p class=\"MsoNormal\" style=\"mso-margin-top-alt: auto; mso-margin-bottom-alt: auto; margin-left: 14.2pt; text-align: justify; text-indent: -14.2pt;\"><span style=\"font-size: 12.0pt; font-family: Sgreek; mso-bidi-font-family: Sgreek;\">LOGOS<\/span><span style=\"font-size: 12.0pt; font-family: 'Times New Roman';\">,<i> Monografias y<br \/>\nsintesis bibliografica de filologia griega<\/i>, I,<i> <\/i>por S. CIRAC<br \/>\nESTOPA\u00d1AN (A. Barigazzi)<\/span><\/p>\n<p class=\"MsoNormal\" style=\"mso-margin-top-alt: auto; mso-margin-bottom-alt: auto; margin-left: 14.2pt; text-align: justify; text-indent: -14.2pt;\"><span style=\"font-size: 12.0pt; font-family: 'Times New Roman';\">U. KAHRSTED, <i>Die<br \/>\nwirtschaftliche Lage Gross\u00adgriechenlands in der Kaiserzeit<\/i> (A. Bernardi)<\/span><\/p>\n<p class=\"MsoNormal\" style=\"mso-margin-top-alt: auto; mso-margin-bottom-alt: auto; margin-left: 14.2pt; text-indent: -14.2pt;\"><i><span style=\"font-size: 12.0pt; font-family: 'Times New Roman';\">Troy, The Coin<\/span><\/i><span style=\"font-size: 12.0pt; font-family: 'Times New Roman';\">,<i> <\/i>by A.R. BELLINGER (E.<br \/>\nBernareggi)<\/span><\/p>\n<p class=\"MsoNormal\" style=\"mso-margin-top-alt: auto; mso-margin-bottom-alt: auto; margin-left: 14.2pt; text-align: justify; text-indent: -14.2pt;\"><span style=\"font-size: 12.0pt; font-family: 'Times New Roman';\">D. VAN DEN EYNDE, <i>Essai<br \/>\nsur la succession et la date des \u00e9crits do Hugues do Saint\u2011Victor<\/i> (M.<br \/>\nDe Marco) <\/span><\/p>\n<p class=\"MsoNormal\" style=\"mso-margin-top-alt: auto; mso-margin-bottom-alt: auto; margin-left: 14.2pt; text-align: justify; text-indent: -14.2pt;\"><span style=\"font-size: 12.0pt; font-family: 'Times New Roman';\">G. RUNCHINA, <i>Tecnica<br \/>\ndrammatica e retorica nelle tragedie di Seneca<\/i> (L. Dondoni)<\/span><\/p>\n<p class=\"MsoNormal\" style=\"mso-margin-top-alt: auto; mso-margin-bottom-alt: auto; margin-left: 14.2pt; text-indent: -14.2pt;\"><span style=\"font-size: 12.0pt; font-family: 'Times New Roman';\">L. LAURENZI, <i>Umanit\u00e0 di Fidia<\/i> (I.<br \/>\nFavaretto)<\/span><\/p>\n<p class=\"MsoNormal\" style=\"mso-margin-top-alt: auto; mso-margin-bottom-alt: auto; margin-left: 14.2pt; text-align: justify; text-indent: -14.2pt;\"><i><span style=\"font-size: 12.0pt; font-family: 'Times New Roman';\">Geschichte der Text\u00fcberlieferung<br \/>\nder anti\u00adken und mittelalterlichen Literatur, I <\/span><\/i><span style=\"font-size: 12.0pt; font-family: 'Times New Roman';\">(P. Frassinetti)<i><\/i><\/span><\/p>\n<p class=\"MsoNormal\" style=\"mso-margin-top-alt: auto; mso-margin-bottom-alt: auto; margin-left: 14.2pt; text-align: justify; text-indent: -14.2pt;\"><span style=\"font-size: 12.0pt; font-family: 'Times New Roman';\">S. LUNDSTR\u00d6M, <i>Abhinc<br \/>\nund ante. Studien zur Geschichte der lateinischen Zeitdifferenzbestimmungen<\/i><br \/>\n(P. Frassinetti)<\/span><\/p>\n<p class=\"MsoNormal\" style=\"mso-margin-top-alt: auto; mso-margin-bottom-alt: auto; margin-left: 14.2pt; text-align: justify; text-indent: -14.2pt;\"><span style=\"font-size: 12.0pt; font-family: 'Times New Roman';\">R. WESTMAN, <i>Das<br \/>\nFuturpartizip als Ausdrucksmittel bei Seneca<\/i> (P. Frassinetti)<\/span><\/p>\n<p class=\"MsoNormal\" style=\"mso-margin-top-alt: auto; mso-margin-bottom-alt: auto; margin-left: 14.2pt; text-indent: -14.2pt;\"><i><span style=\"font-size: 12.0pt; font-family: 'Times New Roman';\">Excerpta Valesiana<\/span><\/i><span style=\"font-size: 12.0pt; font-family: 'Times New Roman';\">, rec. J. MOREARU (E.<br \/>\nGabba)<\/span><\/p>\n<p class=\"MsoNormal\" style=\"mso-margin-top-alt: auto; mso-margin-bottom-alt: auto; margin-left: 14.2pt; text-indent: -14.2pt;\"><i><span style=\"font-size: 12.0pt; font-family: 'Times New Roman';\">Acta Alexandrinorum<\/span><\/i><span style=\"font-size: 12.0pt; font-family: 'Times New Roman';\">,<i> <\/i>ed. H.<br \/>\nMUSURILLO (E. Gabba)<\/span><\/p>\n<p class=\"MsoNormal\" style=\"mso-margin-top-alt: auto; mso-margin-bottom-alt: auto; margin-left: 14.2pt; text-align: justify; text-indent: -14.2pt;\"><span style=\"font-size: 12.0pt; font-family: 'Times New Roman';\">OVIDE, <i>Fastorum l. 1,<br \/>\n<\/i>ed. H. LE BONNIEC (E. Malcovati) <\/span><\/p>\n<p class=\"MsoNormal\" style=\"mso-margin-top-alt: auto; mso-margin-bottom-alt: auto; margin-left: 14.2pt; text-align: justify; text-indent: -14.2pt;\"><span style=\"font-size: 12.0pt; font-family: 'Times New Roman';\">VIRGILE, <i>Les<br \/>\nBucoliques, <\/i>ed. J. PERRET (E. Malcovati)<\/span><\/p>\n<p class=\"MsoNormal\" style=\"mso-margin-top-alt: auto; mso-margin-bottom-alt: auto; margin-left: 14.2pt; text-align: justify; text-indent: -14.2pt;\"><span style=\"font-size: 12.0pt; font-family: 'Times New Roman';\">C\u00c9SAR, <i>De bello<br \/>\ncivili<\/i>, ed. M. RAMBAUD (E. Malcovati) <\/span><\/p>\n<p class=\"MsoNormal\" style=\"mso-margin-top-alt: auto; mso-margin-bottom-alt: auto; margin-left: 14.2pt; text-align: justify; text-indent: -14.2pt;\"><span style=\"font-size: 12.0pt; font-family: 'Times New Roman';\">PLAUTE, <i>Curculio<\/i>,<br \/>\ned. J. COLLART (E. Malcovati)<\/span><\/p>\n<p class=\"MsoNormal\" style=\"mso-margin-top-alt: auto; mso-margin-bottom-alt: auto; margin-left: 14.2pt; text-align: justify; text-indent: -14.2pt;\"><span style=\"font-size: 12.0pt; font-family: 'Times New Roman';\">CATULLO VERONESE, <i>Prolegomeni<\/i>,<br \/>\ntesto critico e traduzione di G.B. PIGHI (E. Malcovati)<\/span><\/p>\n<p class=\"MsoNormal\" style=\"mso-margin-top-alt: auto; mso-margin-bottom-alt: auto; margin-left: 14.2pt; text-align: justify; text-indent: -14.2pt;\"><span style=\"font-size: 12.0pt; font-family: 'Times New Roman';\">M.T. CICERONE, <i>I<br \/>\nframmenti poetici<\/i>,<i> <\/i>a cura di A. TRAGLIA (E. Malcovati)<\/span><\/p>\n<p class=\"MsoNormal\" style=\"mso-margin-top-alt: auto; mso-margin-bottom-alt: auto; margin-left: 14.2pt; text-align: justify; text-indent: -14.2pt;\"><i><span style=\"font-size: 12.0pt; font-family: 'Times New Roman';\">Imperatoris Caesaris<br \/>\nAugusti Operum Fragmenta<\/span><\/i><span style=\"font-size: 12.0pt; font-family: 'Times New Roman';\">,<i> <\/i>quar\u00adtum edidit H. Malcovati (E. Malcovati)<\/span><\/p>\n<p class=\"MsoNormal\" style=\"mso-margin-top-alt: auto; mso-margin-bottom-alt: auto; margin-left: 14.2pt; text-align: justify; text-indent: -14.2pt;\"><span style=\"font-size: 12.0pt; font-family: 'Times New Roman';\">A. ADRIANI, <i>Repertorio<br \/>\nd'arte dell' Egitto greco\u2011romano<\/i> (G.A. Mansuelli)<\/span><\/p>\n<p class=\"MsoNormal\" style=\"mso-margin-top-alt: auto; mso-margin-bottom-alt: auto; margin-left: 14.2pt; text-align: justify; text-indent: -14.2pt;\"><i><span style=\"font-size: 12.0pt; font-family: 'Times New Roman';\">El descubrimiento del<br \/>\namor en Grecia<\/span><\/i><span style=\"font-size: 12.0pt; font-family: 'Times New Roman';\">,<i><br \/>\n<\/i>por M. FERNANDEZ\u2011GALIANO, J.S. LASSO de la VEGA, F.R. ADRADOS (G.<br \/>\nMarenghi)<\/span><\/p>\n<p class=\"MsoNormal\" style=\"mso-margin-top-alt: auto; mso-margin-bottom-alt: auto; margin-left: 14.2pt; text-indent: -14.2pt; tab-stops: 211.5pt right 523.45pt;\"><span style=\"font-size: 12.0pt; font-family: 'Times New Roman';\">HER\u00d3DOTO, <i>Historias,<br \/>\nl. I<\/i>,<i> <\/i>texto revisado traducido por J. BERENGUER AMEN\u00d3S (G. Marenghi)<\/span><\/p>\n<p class=\"MsoNormal\" style=\"mso-margin-top-alt: auto; mso-margin-bottom-alt: auto; margin-left: 14.2pt; text-align: justify; text-indent: -14.2pt;\"><span style=\"font-size: 12.0pt; font-family: 'Times New Roman';\">EURIPIDES, <i>Tragedias<br \/>\n(Las Bacantes \u2011 H\u00e9cuba)<\/i>,<i> <\/i>texto<i> <\/i>revisado y traducido por<br \/>\nA. TOVAR, con la colaboraci\u00f3n en H\u00e9cuba de R.P. BINDA (G. Marenghi)<\/span><\/p>\n<p class=\"MsoNormal\" style=\"mso-margin-top-alt: auto; mso-margin-bottom-alt: auto; margin-left: 14.2pt; text-align: justify; text-indent: -14.2pt;\"><span style=\"font-size: 12.0pt; font-family: 'Times New Roman';\">E. LLED\u00d3 \u00cd\u00d1IGO, <i>El<br \/>\nconcepto \u00abpoiesis\u00bb en la filosofia griega<\/i> (G. Marenghi)<\/span><\/p>\n<p class=\"MsoNormal\" style=\"mso-margin-top-alt: auto; mso-margin-bottom-alt: auto; margin-left: 14.2pt; text-align: justify; text-indent: -14.2pt;\"><span style=\"font-size: 12.0pt; font-family: 'Times New Roman';\">C. GALLAVOTTI - A.<br \/>\nSACCONI, <i>Inscriptiones Pyliae ad mycenaeam aetatem pertinentes <\/i>(G.<br \/>\nMarenghi)<i><\/i><\/span><\/p>\n<p class=\"MsoNormal\" style=\"mso-margin-top-alt: auto; mso-margin-bottom-alt: auto; margin-left: 14.2pt; text-align: justify; text-indent: -14.2pt;\"><i><span style=\"font-size: 12.0pt; font-family: 'Times New Roman';\">The Cambridge Ancient<br \/>\nHistory<\/span><\/i><span style=\"font-size: 12.0pt; font-family: 'Times New Roman';\">,<br \/>\nRevised edition of vol. I and II, fasc. 4, 8, 9 (G. Marenghi)<\/span><\/p>\n<p class=\"MsoNormal\" style=\"mso-margin-top-alt: auto; mso-margin-bottom-alt: auto; margin-left: 14.2pt; text-indent: -14.2pt;\"><span style=\"font-size: 12.0pt; font-family: 'Times New Roman';\">G. DEVOTO, <i>Tabulae Iuguvinae<\/i>,<i> <\/i>Pars<br \/>\nquinta, Appendix (G. Marenghi)<\/span><\/p>\n<p class=\"MsoNormal\" style=\"mso-margin-top-alt: auto; mso-margin-bottom-alt: auto; margin-left: 14.2pt; text-align: justify; text-indent: -14.2pt;\"><span style=\"font-size: 12.0pt; font-family: 'Times New Roman';\">L. LUCIANO, <i>Vocabolario<br \/>\nitaliano\u2011latino<\/i>, nuova ed. a cura di A. TRAINA (E. Pasoli)<\/span><\/p>\n<p class=\"MsoNormal\" style=\"mso-margin-top-alt: auto; mso-margin-bottom-alt: auto; margin-left: 14.2pt; text-indent: -14.2pt;\"><span style=\"font-size: 12.0pt; font-family: 'Times New Roman';\">H. MARTI, <i>Untersuchungen zur dramatischen<br \/>\nTechnik bei Plautus und Terenz<\/i> (G. Rambelli)<\/span><\/p>\n<p class=\"MsoNormal\" style=\"mso-margin-top-alt: auto; mso-margin-bottom-alt: auto; margin-left: 14.2pt; text-align: justify; text-indent: -14.2pt; tab-stops: 15.75pt right 523.45pt;\"><span style=\"font-size: 12.0pt; font-family: 'Times New Roman';\">A. TRAINA, <i>Comoedia<\/i><br \/>\n(G. Rambelli)<\/span><\/p>\n<p class=\"MsoNormal\" style=\"mso-margin-top-alt: auto; mso-margin-bottom-alt: auto; margin-left: 14.2pt; text-indent: -14.2pt; tab-stops: right 597.75pt;\"><span style=\"font-size: 12.0pt; font-family: 'Times New Roman';\">G. WALSER - TH. PEK\u00c1RY,<i><br \/>\nDie Krise des r\u00f6mischen Reiches<\/i> (L. Ruggini)<\/span><\/p>\n<p class=\"MsoNormal\" style=\"mso-margin-top-alt: auto; mso-margin-bottom-alt: auto; margin-left: 14.2pt; text-indent: -14.2pt;\"><span style=\"font-size: 12.0pt; font-family: 'Times New Roman';\">A. PAREDI, <i>S. Ambrogio e la sua et\u00e0<\/i> (L.<br \/>\nRuggini)<\/span><\/p>\n<p class=\"MsoNormal\" style=\"mso-margin-top-alt: auto; mso-margin-bottom-alt: auto; margin-left: 14.2pt; text-indent: -14.2pt;\"><span style=\"font-size: 12.0pt; font-family: 'Times New Roman';\">G. TURBESSI, <i>Ascetismo e monachesimo<br \/>\nprebenedettino<\/i> (L. Ruggini)<\/span><\/p>\n<p class=\"MsoNormal\" style=\"mso-margin-top-alt: auto; mso-margin-bottom-alt: auto; margin-left: 14.2pt; text-align: justify; text-indent: -14.2pt; tab-stops: 15.75pt right 523.45pt;\"><i><span style=\"font-size: 12.0pt; font-family: 'Times New Roman';\">Atti del VII Congresso<br \/>\nd\u00ed Archeologia Classica<\/span><\/i><span style=\"font-size: 12.0pt; font-family: 'Times New Roman';\">(C. Saletti)<i><\/i><\/span><\/p>\n<p class=\"MsoNormal\" style=\"mso-margin-top-alt: auto; mso-margin-bottom-alt: auto; margin-left: 14.2pt; text-align: justify; text-indent: -14.2pt; tab-stops: 17.25pt;\"><span style=\"font-size: 12.0pt; font-family: 'Times New Roman';\">PROPERTIUS, <i>Elegies<br \/>\nBook, I<\/i>,<i> <\/i>ed. W.A. CAMPS (A. Salvatore)<\/span><\/p>\n<p class=\"MsoNormal\" style=\"mso-margin-top-alt: auto; mso-margin-bottom-alt: auto; margin-left: 14.2pt; text-align: justify; text-indent: -14.2pt; tab-stops: 17.25pt;\"><span style=\"font-size: 12.0pt; font-family: 'Times New Roman';\">PLATO, <i>The \u00abSophist\u00bb<br \/>\nand the \u00abStatesman\u00bb<\/i>, transl. and introd. by A.E. TAYLOR, ed. by R.<br \/>\nKLIBANSKY and E. ANSCOMBE (M. Untersteiner)<\/span><\/p>\n<p class=\"MsoNormal\" style=\"mso-margin-top-alt: auto; mso-margin-bottom-alt: auto; margin-left: 14.2pt; text-align: justify; text-indent: -14.2pt; tab-stops: 15.75pt right 523.45pt;\"><i><span style=\"font-size: 12.0pt; font-family: 'Times New Roman';\">I Dossografi greci<\/span><\/i><span style=\"font-size: 12.0pt; font-family: 'Times New Roman';\">, trad. di L. TORRACA<br \/>\n(M. Untersteiner)<\/span><\/p>\n<p class=\"MsoNormal\" style=\"mso-margin-top-alt: auto; mso-margin-bottom-alt: auto; margin-left: 14.2pt; text-indent: -14.2pt;\"><span style=\"font-size: 12.0pt; font-family: 'Times New Roman';\">\u00a0<\/span><\/p>\n<p class=\"MsoNormal\">\n<\/div>\n<\/div><\/div><\/div><\/div><\/div><\/div>","protected":false},"excerpt":{"rendered":"<p>Indice generale di athenaeum 50 (1962) &nbsp; Articoli M. AMIT, The Sailors of the Athenian Fleet E. BADIAN, The Tribe of the Curiones D. DEL CORNO, La lingua di Ctesia (POx. 2330) P. FRASSINETTI, Su alcuni frammenti delle Historiae di Sallustio A. FUKS, The Spartan Citizen\u2011body in Mid\u2011third Century B. C. and its Enlargement proposed&hellip;&nbsp;<a href=\"https:\/\/athenaeum.unipv.it\/index.php\/ath46-1962\/\" class=\"\" rel=\"bookmark\">Leggi tutto &raquo;<span class=\"screen-reader-text\">ATH46-1962<\/span><\/a><\/p>\n","protected":false},"author":2,"featured_media":0,"parent":0,"menu_order":0,"comment_status":"closed","ping_status":"closed","template":"","meta":{"neve_meta_sidebar":"full-width","neve_meta_container":"","neve_meta_enable_content_width":"on","neve_meta_content_width":100,"neve_meta_title_alignment":"","neve_meta_author_avatar":"","neve_post_elements_order":"","neve_meta_disable_header":"","neve_meta_disable_footer":"","neve_meta_disable_title":"","_themeisle_gutenberg_block_has_review":false,"_ti_tpc_template_sync":false,"_ti_tpc_template_id":""},"acf":[],"_links":{"self":[{"href":"https:\/\/athenaeum.unipv.it\/index.php\/wp-json\/wp\/v2\/pages\/965"}],"collection":[{"href":"https:\/\/athenaeum.unipv.it\/index.php\/wp-json\/wp\/v2\/pages"}],"about":[{"href":"https:\/\/athenaeum.unipv.it\/index.php\/wp-json\/wp\/v2\/types\/page"}],"author":[{"embeddable":true,"href":"https:\/\/athenaeum.unipv.it\/index.php\/wp-json\/wp\/v2\/users\/2"}],"replies":[{"embeddable":true,"href":"https:\/\/athenaeum.unipv.it\/index.php\/wp-json\/wp\/v2\/comments?post=965"}],"version-history":[{"count":8,"href":"https:\/\/athenaeum.unipv.it\/index.php\/wp-json\/wp\/v2\/pages\/965\/revisions"}],"predecessor-version":[{"id":1327,"href":"https:\/\/athenaeum.unipv.it\/index.php\/wp-json\/wp\/v2\/pages\/965\/revisions\/1327"}],"wp:attachment":[{"href":"https:\/\/athenaeum.unipv.it\/index.php\/wp-json\/wp\/v2\/media?parent=965"}],"curies":[{"name":"wp","href":"https:\/\/api.w.org\/{rel}","templated":true}]}}